(5281226,0,'auth_mnet','auth_mnet\\task\\cron_task',0,1577064126.9460000000,1577064126.9471000000,1,0,0,'Execute scheduled task: Background processing for MNET authentication (auth_mnet\\task\\cron_task)\n... started 09:22:06. Current memory use 33.4mb.\n... used 1 dbqueries\n... used 0.00043082237243652 seconds\nScheduled task complete: Background processing for MNET authentication (auth_mnet\\task\\cron_task)\n'),(5281227,0,'mod_forum','mod_forum\\task\\cron_task',0,1577064127.3069000000,1577064127.3109000000,1,1,0,'Execute scheduled task: Форумтай холбоотой мэйлүүд ба хийгдэх засвар үйлчилгээний ажлууд (mod_forum\\task\\cron_task)\n... started 09:22:07. Current memory use 34.5mb.\nRemoving old digest records from 7 days ago.\nRemoved all old digest records.\nFetching unmailed posts.\n  No posts found.\n... used 2 dbqueries\n... used 0.0028510093688965 seconds\nScheduled task complete: Форумтай холбоотой мэйлүүд ба хийгдэх засвар үйлчилгээний ажлууд (mod_forum\\task\\cron_task)\n'),(5281228,0,'tool_messageinbound','tool_messageinbound\\task\\pickup_task',0,1577064127.4415000000,1577064127.4442000000,0,0,0,'Execute scheduled task: Incoming email pickup (tool_messageinbound\\task\\pickup_task)\n... started 09:22:07. Current memory use 33.8mb.\nInbound Message not fully configured - exiting early.\n... used 0 dbqueries\n... used 0.0017790794372559 seconds\nScheduled task complete: Incoming email pickup (tool_messageinbound\\task\\pickup_task)\n'),(5281229,0,'tool_monitor','tool_monitor\\task\\clean_events',0,1577064127.6325000000,1577064127.6336000000,0,0,0,'Execute scheduled task: Cleanup event monitor events (tool_monitor\\task\\clean_events)\n... started 09:22:07. Current memory use 34.1mb.\n... used 0 dbqueries\n... used 0.00018811225891113 seconds\nScheduled task complete: Cleanup event monitor events (tool_monitor\\task\\clean_events)\n'),(5281230,0,'repository_filesystem','repository_filesystem\\task\\cron_task',0,1577064127.7931000000,1577064127.7977000000,3,0,0,'Execute scheduled task: Background processing for file system repository (repository_filesystem\\task\\cron_task)\n... started 09:22:07. Current memory use 34.1mb.\n... used 3 dbqueries\n... used 0.0034339427947998 seconds\nScheduled task complete: Background processing for file system repository (repository_filesystem\\task\\cron_task)\n'),(5281231,0,'workshopallocation_scheduled','workshopallocation_scheduled\\task\\cron_task',0,1577064127.9484000000,1577064127.9495000000,1,0,0,'Execute scheduled task: Background processing for scheduled allocation (workshopallocation_scheduled\\task\\cron_task)\n... started 09:22:07. Current memory use 34.1mb.\n... no workshops awaiting scheduled allocation. ... used 1 dbqueries\n... used 0.00053191184997559 seconds\nScheduled task complete: Background processing for scheduled allocation (workshopallocation_scheduled\\task\\cron_task)\n'),(5281232,0,'local_cnw_smartcohort','local_cnw_smartcohort\\task\\initialize_filter',0,1577064128.2606000000,1577064128.2626000000,2,0,0,'Execute scheduled task: Initialize filters (local_cnw_smartcohort\\task\\initialize_filter)\n... started 09:22:08. Current memory use 34.3mb.\n... used 2 dbqueries\n... used 0.000885009765625 seconds\nScheduled task complete: Initialize filters (local_cnw_smartcohort\\task\\initialize_filter)\n'),(5281233,0,'local_cnw_smartcohort','local_cnw_smartcohort\\task\\process_queue',0,1577064128.4208000000,1577064128.4219000000,1,0,0,'Execute scheduled task: Process created&edited users (local_cnw_smartcohort\\task\\process_queue)\n... started 09:22:08. Current memory use 34.3mb.\n... used 1 dbqueries\n... used 0.00040888786315918 seconds\nScheduled task complete: Process created&edited users (local_cnw_smartcohort\\task\\process_queue)\n'),(5281234,0,'mod_assign','mod_assign\\task\\cron_task',0,1577064128.5885000000,1577064128.6274000000,3,0,0,'Execute scheduled task: Background processing for assignment module (mod_assign\\task\\cron_task)\n... started 09:22:08. Current memory use 34.4mb.\n... used 3 dbqueries\n... used 0.037508964538574 seconds\nScheduled task complete: Background processing for assignment module (mod_assign\\task\\cron_task)\n'),(5281235,0,'moodle','core\\task\\session_cleanup_task',0,1577064182.5404000000,1577064182.5953000000,7,1,0,'Execute scheduled task: Cleanup old sessions (core\\task\\session_cleanup_task)\n... started 09:23:02. Current memory use 20.5mb.\n... used 8 dbqueries\n... used 0.052499055862427 seconds\nScheduled task complete: Cleanup old sessions (core\\task\\session_cleanup_task)\n'),(5281236,0,'moodle','core\\task\\send_new_user_passwords_task',0,1577064182.7917000000,1577064182.8050000000,1,0,0,'Execute scheduled task: Send new user passwords (core\\task\\send_new_user_passwords_task)\n... started 09:23:02. Current memory use 24.7mb.\n... used 1 dbqueries\n... used 0.012264013290405 seconds\nScheduled task complete: Send new user passwords (core\\task\\send_new_user_passwords_task)\n'),(5281237,0,'moodle','core\\task\\send_failed_login_notifications_task',0,1577064182.9484000000,1577064182.9492000000,0,0,0,'Execute scheduled task: Send failed login notifications (core\\task\\send_failed_login_notifications_task)\n... started 09:23:02. Current memory use 24.8mb.\n... used 0 dbqueries\n... used 4.1007995605469E-5 seconds\nScheduled task complete: Send failed login notifications (core\\task\\send_failed_login_notifications_task)\n'),(5281238,0,'moodle','core\\task\\calendar_cron_task',0,1577064183.1824000000,1577064183.3378000000,1,0,0,'Execute scheduled task: Send calendar notifications (core\\task\\calendar_cron_task)\n... started 09:23:03. Current memory use 24.8mb.\n... used 1 dbqueries\n... used 0.15482378005981 seconds\nScheduled task complete: Send calendar notifications (core\\task\\calendar_cron_task)\n'),(5281239,0,'enrol_category','enrol_category\\task\\enrol_category_sync',0,1577064183.5257000000,1577064183.5294000000,2,0,0,'Execute scheduled task: Category enrolment sync task (enrol_category\\task\\enrol_category_sync)\n... started 09:23:03. Current memory use 25.3mb.\n... used 2 dbqueries\n... used 0.002608060836792 seconds\nScheduled task complete: Category enrolment sync task (enrol_category\\task\\enrol_category_sync)\n'),(5281240,0,'enrol_paypal','enrol_paypal\\task\\process_expirations',0,1577064183.7302000000,1577064183.7335000000,1,0,0,'Execute scheduled task: PayPal enrolment send expiry notifications task (enrol_paypal\\task\\process_expirations)\n... started 09:23:03. Current memory use 25.3mb.\nNo expired enrol_paypal enrolments detected\n... used 1 dbqueries\n... used 0.0023159980773926 seconds\nScheduled task complete: PayPal enrolment send expiry notifications task (enrol_paypal\\task\\process_expirations)\n'),(5281241,0,'moodle','core\\task\\legacy_plugin_cron_task',0,1577064183.8935000000,1577064184.0090000000,9,1,0,'Execute scheduled task: Legacy cron processing for plugins (core\\task\\legacy_plugin_cron_task)\n... started 09:23:03. Current memory use 25.4mb.\nRunning auth crons if required...\nRunning enrol crons if required...\nStarting activity modules\nFinished activity modules\nStarting blocks\nProcessing cron function for configurable_reports....done.\nFinished blocks\nStarting admin reports\nFinished admin reports\nStarting course reports\nFinished course reports\nStarting gradebook plugins\nFinished gradebook plugins\nStarting question types\nProcessing cron function for qtype_wq...\n... started 09:23:03. Current memory use 28.1mb.\ndone. (5 dbqueries, 0.01 seconds)\nFinished question types\n... used 10 dbqueries\n... used 0.11479997634888 seconds\nScheduled task complete: Legacy cron processing for plugins (core\\task\\legacy_plugin_cron_task)\n'),(5281242,0,'moodle','core\\task\\grade_cron_task',0,1577064184.2523000000,1577064184.2544000000,2,0,0,'Execute scheduled task: Background processing for gradebook (core\\task\\grade_cron_task)\n... started 09:23:04. Current memory use 28.3mb.\n... used 2 dbqueries\n... used 0.0013129711151123 seconds\nScheduled task complete: Background processing for gradebook (core\\task\\grade_cron_task)\n'),(5281243,0,'moodle','core\\task\\blog_cron_task',0,1577064184.4513000000,1577064184.4560000000,1,1,0,'Execute scheduled task: Sync external blogs (core\\task\\blog_cron_task)\n... started 09:23:04. Current memory use 28.3mb.\n... used 2 dbqueries\n... used 0.0041539669036865 seconds\nScheduled task complete: Sync external blogs (core\\task\\blog_cron_task)\n'),(5281244,0,'format_socialwall','format_socialwall\\task\\send_timeline_instant',0,1577064184.8718000000,1577064184.9381000000,3,1,0,'Execute scheduled task: Send timeline notifications (per Post) (format_socialwall\\task\\send_timeline_instant)\n... started 09:23:04. Current memory use 29.6mb.\nformat_socialwall instant_cron succesfully finished.\n... used 4 dbqueries\n... used 0.06542706489563 seconds\nScheduled task complete: Send timeline notifications (per Post) (format_socialwall\\task\\send_timeline_instant)\n'),(5281245,0,'moodle','core\\task\\question_stats_cleanup_task',0,1577064185.1467000000,1577064185.4560000000,1,3,0,'Execute scheduled task: Background processing for cleaning up question statistics caches (core\\task\\question_stats_cleanup_task)\n... started 09:23:05. Current memory use 29.6mb.\n\n  Cleaning up old question statistics cache records...done.\n... used 4 dbqueries\n... used 0.3081431388855 seconds\nScheduled task complete: Background processing for cleaning up question statistics caches (core\\task\\question_stats_cleanup_task)\n'),(5281246,0,'moodle','core\\task\\completion_regular_task',0,1577064185.6130000000,1577064185.6244000000,6,0,0,'Execute scheduled task: Calculate regular completion data (core\\task\\completion_regular_task)\n... started 09:23:05. Current memory use 29.7mb.\n... used 6 dbqueries\n... used 0.010409832000732 seconds\nScheduled task complete: Calculate regular completion data (core\\task\\completion_regular_task)\n'),(5281247,0,'moodle','core\\task\\portfolio_cron_task',0,1577064185.7782000000,1577064185.7832000000,2,0,0,'Execute scheduled task: Background processing for portfolio plugins (core\\task\\portfolio_cron_task)\n... started 09:23:05. Current memory use 29.9mb.\n... used 2 dbqueries\n... used 0.0043849945068359 seconds\nScheduled task complete: Background processing for portfolio plugins (core\\task\\portfolio_cron_task)\n'),(5281248,0,'moodle','core\\task\\plagiarism_cron_task',0,1577064185.9537000000,1577064185.9548000000,0,0,0,'Execute scheduled task: Background processing for legacy cron in plagiarism plugins (core\\task\\plagiarism_cron_task)\n... started 09:23:05. Current memory use 30.2mb.\n... used 0 dbqueries\n... used 0.00030708312988281 seconds\nScheduled task complete: Background processing for legacy cron in plagiarism plugins (core\\task\\plagiarism_cron_task)\n'),(5281249,0,'mod_quiz','mod_quiz\\task\\update_overdue_attempts',0,1577064186.1914000000,1577064186.5727000000,1,0,0,'Execute scheduled task: Updating overdue quiz attempts (mod_quiz\\task\\update_overdue_attempts)\n... started 09:23:06. Current memory use 33.2mb.\n  Looking for quiz overdue quiz attempts...\n  Considered 0 attempts in 0 quizzes.\n... used 1 dbqueries\n... used 0.37988495826721 seconds\nScheduled task complete: Updating overdue quiz attempts (mod_quiz\\task\\update_overdue_attempts)\n'),(5281250,0,'moodle','core\\task\\question_preview_cleanup_task',0,1577064186.7678000000,1577064186.8187000000,2,0,0,'Execute scheduled task: Background processing for cleaning up question previews (core\\task\\question_preview_cleanup_task)\n... started 09:23:06. Current memory use 33.2mb.\n\n  Cleaning up old question previews...done.\n... used 2 dbqueries\n... used 0.049627065658569 seconds\nScheduled task complete: Background processing for cleaning up question previews (core\\task\\question_preview_cleanup_task)\n'),(5281251,0,'mod_quiz','mod_quiz\\task\\legacy_quiz_reports_cron',0,1577064186.9501000000,1577064186.9516000000,0,0,0,'Execute scheduled task: Legacy cron quiz reports (mod_quiz\\task\\legacy_quiz_reports_cron)\n... started 09:23:06. Current memory use 33.2mb.\n... used 0 dbqueries\n... used 0.0002291202545166 seconds\nScheduled task complete: Legacy cron quiz reports (mod_quiz\\task\\legacy_quiz_reports_cron)\n'),(5281252,0,'mod_quiz','mod_quiz\\task\\legacy_quiz_accessrules_cron',0,1577064187.3582000000,1577064187.3596000000,0,0,0,'Execute scheduled task: Legacy cron quiz access rules (mod_quiz\\task\\legacy_quiz_accessrules_cron)\n... started 09:23:07. Current memory use 33.2mb.\n... used 0 dbqueries\n... used 0.00022482872009277 seconds\nScheduled task complete: Legacy cron quiz access rules (mod_quiz\\task\\legacy_quiz_accessrules_cron)\n'),(5281253,0,'mod_workshop','mod_workshop\\task\\cron_task',0,1577064187.6390000000,1577064187.6410000000,1,0,0,'Execute scheduled task: Background processing for workshop module (mod_workshop\\task\\cron_task)\n... started 09:23:07. Current memory use 33.3mb.\n processing workshop subplugins ...\n... used 1 dbqueries\n... used 0.00095510482788086 seconds\nScheduled task complete: Background processing for workshop module (mod_workshop\\task\\cron_task)\n'),(5281254,0,'mod_workshop','mod_workshop\\task\\legacy_workshop_allocation_cron',0,1577064187.7882000000,1577064187.7891000000,0,0,0,'Execute scheduled task: Legacy cron workshop allocation (mod_workshop\\task\\legacy_workshop_allocation_cron)\n... started 09:23:07. Current memory use 33.3mb.\n... used 0 dbqueries\n... used 0.00012397766113281 seconds\nScheduled task complete: Legacy cron workshop allocation (mod_workshop\\task\\legacy_workshop_allocation_cron)\n'),(5281255,0,'mod_forum','mod_forum\\task\\cron_task',0,1577064187.9721000000,1577064187.9772000000,1,1,0,'Execute scheduled task: Форумтай холбоотой мэйлүүд ба хийгдэх засвар үйлчилгээний ажлууд (mod_forum\\task\\cron_task)\n... started 09:23:07. Current memory use 34.5mb.\nRemoving old digest records from 7 days ago.\nRemoved all old digest records.\nFetching unmailed posts.\n  No posts found.\n... used 2 dbqueries\n... used 0.003230094909668 seconds\nScheduled task complete: Форумтай холбоотой мэйлүүд ба хийгдэх засвар үйлчилгээний ажлууд (mod_forum\\task\\cron_task)\n'),(5281256,0,'tool_messageinbound','tool_messageinbound\\task\\pickup_task',0,1577064188.2198000000,1577064188.2240000000,0,0,0,'Execute scheduled task: Incoming email pickup (tool_messageinbound\\task\\pickup_task)\n... started 09:23:08. Current memory use 33.8mb.\nInbound Message not fully configured - exiting early.\n... used 0 dbqueries\n... used 0.0031378269195557 seconds\nScheduled task complete: Incoming email pickup (tool_messageinbound\\task\\pickup_task)\n'),(5281257,0,'tool_monitor','tool_monitor\\task\\clean_events',0,1577064188.3869000000,1577064188.3880000000,0,0,0,'Execute scheduled task: Cleanup event monitor events (tool_monitor\\task\\clean_events)\n... started 09:23:08. Current memory use 34mb.\n... used 0 dbqueries\n... used 0.00019001960754395 seconds\nScheduled task complete: Cleanup event monitor events (tool_monitor\\task\\clean_events)\n'),(5281258,0,'auth_mnet','auth_mnet\\task\\cron_task',0,1577064188.5723000000,1577064188.5741000000,1,0,0,'Execute scheduled task: Background processing for MNET authentication (auth_mnet\\task\\cron_task)\n... started 09:23:08. Current memory use 34.1mb.\n... used 1 dbqueries\n... used 0.00076913833618164 seconds\nScheduled task complete: Background processing for MNET authentication (auth_mnet\\task\\cron_task)\n'),(5281259,0,'repository_filesystem','repository_filesystem\\task\\cron_task',0,1577064188.7347000000,1577064188.7379000000,3,0,0,'Execute scheduled task: Background processing for file system repository (repository_filesystem\\task\\cron_task)\n... started 09:23:08. Current memory use 34.1mb.\n... used 3 dbqueries\n... used 0.0025620460510254 seconds\nScheduled task complete: Background processing for file system repository (repository_filesystem\\task\\cron_task)\n'),(5281260,0,'workshopallocation_scheduled','workshopallocation_scheduled\\task\\cron_task',0,1577064188.9024000000,1577064188.9035000000,1,0,0,'Execute scheduled task: Background processing for scheduled allocation (workshopallocation_scheduled\\task\\cron_task)\n... started 09:23:08. Current memory use 34.1mb.\n... no workshops awaiting scheduled allocation. ... used 1 dbqueries\n... used 0.00042390823364258 seconds\nScheduled task complete: Background processing for scheduled allocation (workshopallocation_scheduled\\task\\cron_task)\n'),(5281261,0,'local_cnw_smartcohort','local_cnw_smartcohort\\task\\initialize_filter',0,1577064189.1306000000,1577064189.3051000000,2,0,0,'Execute scheduled task: Initialize filters (local_cnw_smartcohort\\task\\initialize_filter)\n... started 09:23:09. Current memory use 34.3mb.\n... used 2 dbqueries\n... used 0.17338800430298 seconds\nScheduled task complete: Initialize filters (local_cnw_smartcohort\\task\\initialize_filter)\n'),(5281262,0,'local_cnw_smartcohort','local_cnw_smartcohort\\task\\process_queue',0,1577064189.4732000000,1577064189.4741000000,1,0,0,'Execute scheduled task: Process created&edited users (local_cnw_smartcohort\\task\\process_queue)\n... started 09:23:09. Current memory use 34.3mb.\n... used 1 dbqueries\n... used 0.00041007995605469 seconds\nScheduled task complete: Process created&edited users (local_cnw_smartcohort\\task\\process_queue)\n'),(5281263,0,'mod_assign','mod_assign\\task\\cron_task',0,1577064189.6073000000,1577064189.6456000000,3,0,0,'Execute scheduled task: Background processing for assignment module (mod_assign\\task\\cron_task)\n... started 09:23:09. Current memory use 34.4mb.\n... used 3 dbqueries\n... used 0.036906957626343 seconds\nScheduled task complete: Background processing for assignment module (mod_assign\\task\\cron_task)\n'),(5281264,0,'moodle','core\\task\\session_cleanup_task',0,1577064242.5230000000,1577064242.6490000000,7,2,0,'Execute scheduled task: Cleanup old sessions (core\\task\\session_cleanup_task)\n... started 09:24:02. Current memory use 20.5mb.\n... used 9 dbqueries\n... used 0.12366414070129 seconds\nScheduled task complete: Cleanup old sessions (core\\task\\session_cleanup_task)\n'),(5281265,0,'moodle','core\\task\\send_new_user_passwords_task',0,1577064242.7954000000,1577064242.8141000000,1,0,0,'Execute scheduled task: Send new user passwords (core\\task\\send_new_user_passwords_task)\n... started 09:24:02. Current memory use 24.7mb.\n... used 1 dbqueries\n... used 0.017750024795532 seconds\nScheduled task complete: Send new user passwords (core\\task\\send_new_user_passwords_task)\n'),(5281266,0,'moodle','core\\task\\send_failed_login_notifications_task',0,1577064242.9300000000,1577064242.9307000000,0,0,0,'Execute scheduled task: Send failed login notifications (core\\task\\send_failed_login_notifications_task)\n... started 09:24:02. Current memory use 24.8mb.\n... used 0 dbqueries\n... used 4.0054321289062E-5 seconds\nScheduled task complete: Send failed login notifications (core\\task\\send_failed_login_notifications_task)\n'),(5281267,0,'moodle','core\\task\\calendar_cron_task',0,1577064243.0958000000,1577064243.1055000000,1,0,0,'Execute scheduled task: Send calendar notifications (core\\task\\calendar_cron_task)\n... started 09:24:03. Current memory use 24.8mb.\n... used 1 dbqueries\n... used 0.0085902214050293 seconds\nScheduled task complete: Send calendar notifications (core\\task\\calendar_cron_task)\n'),(5281268,0,'enrol_category','enrol_category\\task\\enrol_category_sync',0,1577064243.2943000000,1577064243.2964000000,2,0,0,'Execute scheduled task: Category enrolment sync task (enrol_category\\task\\enrol_category_sync)\n... started 09:24:03. Current memory use 25.3mb.\n... used 2 dbqueries\n... used 0.0014078617095947 seconds\nScheduled task complete: Category enrolment sync task (enrol_category\\task\\enrol_category_sync)\n'),(5281269,0,'enrol_paypal','enrol_paypal\\task\\process_expirations',0,1577064243.4523000000,1577064243.4981000000,1,0,0,'Execute scheduled task: PayPal enrolment send expiry notifications task (enrol_paypal\\task\\process_expirations)\n... started 09:24:03. Current memory use 25.3mb.\nNo expired enrol_paypal enrolments detected\n... used 1 dbqueries\n... used 0.044608116149902 seconds\nScheduled task complete: PayPal enrolment send expiry notifications task (enrol_paypal\\task\\process_expirations)\n'),(5281270,0,'moodle','core\\task\\legacy_plugin_cron_task',0,1577064243.6092000000,1577064243.7054000000,9,1,0,'Execute scheduled task: Legacy cron processing for plugins (core\\task\\legacy_plugin_cron_task)\n... started 09:24:03. Current memory use 25.4mb.\nRunning auth crons if required...\nRunning enrol crons if required...\nStarting activity modules\nFinished activity modules\nStarting blocks\nProcessing cron function for configurable_reports....done.\nFinished blocks\nStarting admin reports\nFinished admin reports\nStarting course reports\nFinished course reports\nStarting gradebook plugins\nFinished gradebook plugins\nStarting question types\nProcessing cron function for qtype_wq...\n... started 09:24:03. Current memory use 28.1mb.\ndone. (5 dbqueries, 0.01 seconds)\nFinished question types\n... used 10 dbqueries\n... used 0.095505952835083 seconds\nScheduled task complete: Legacy cron processing for plugins (core\\task\\legacy_plugin_cron_task)\n'),(5281271,0,'moodle','core\\task\\grade_cron_task',0,1577064243.7997000000,1577064243.8027000000,2,0,0,'Execute scheduled task: Background processing for gradebook (core\\task\\grade_cron_task)\n... started 09:24:03. Current memory use 28.3mb.\n... used 2 dbqueries\n... used 0.0018219947814941 seconds\nScheduled task complete: Background processing for gradebook (core\\task\\grade_cron_task)\n'),(5281272,0,'moodle','core\\task\\blog_cron_task',0,1577064243.9249000000,1577064243.9331000000,1,1,0,'Execute scheduled task: Sync external blogs (core\\task\\blog_cron_task)\n... started 09:24:03. Current memory use 28.3mb.\n... used 2 dbqueries\n... used 0.0071351528167725 seconds\nScheduled task complete: Sync external blogs (core\\task\\blog_cron_task)\n'),(5281273,0,'moodle','core\\task\\completion_regular_task',0,1577064244.0995000000,1577064244.1135000000,6,0,0,'Execute scheduled task: Calculate regular completion data (core\\task\\completion_regular_task)\n... started 09:24:04. Current memory use 28.6mb.\n... used 6 dbqueries\n... used 0.012768983840942 seconds\nScheduled task complete: Calculate regular completion data (core\\task\\completion_regular_task)\n'),(5281274,0,'moodle','core\\task\\portfolio_cron_task',0,1577064244.2806000000,1577064244.3428000000,2,0,0,'Execute scheduled task: Background processing for portfolio plugins (core\\task\\portfolio_cron_task)\n... started 09:24:04. Current memory use 29mb.\n... used 2 dbqueries\n... used 0.061025857925415 seconds\nScheduled task complete: Background processing for portfolio plugins (core\\task\\portfolio_cron_task)\n'),(5281275,0,'format_socialwall','format_socialwall\\task\\send_timeline_instant',0,1577064244.6112000000,1577064244.7086000000,3,1,0,'Execute scheduled task: Send timeline notifications (per Post) (format_socialwall\\task\\send_timeline_instant)\n... started 09:24:04. Current memory use 30.1mb.\nformat_socialwall instant_cron succesfully finished.\n... used 4 dbqueries\n... used 0.09657096862793 seconds\nScheduled task complete: Send timeline notifications (per Post) (format_socialwall\\task\\send_timeline_instant)\n'),(5281276,0,'moodle','core\\task\\question_stats_cleanup_task',0,1577064244.9659000000,1577064244.9676000000,1,3,0,'Execute scheduled task: Background processing for cleaning up question statistics caches (core\\task\\question_stats_cleanup_task)\n... started 09:24:04. Current memory use 30.2mb.\n\n  Cleaning up old question statistics cache records...done.\n... used 4 dbqueries\n... used 0.0010230541229248 seconds\nScheduled task complete: Background processing for cleaning up question statistics caches (core\\task\\question_stats_cleanup_task)\n'),(5281277,0,'moodle','core\\task\\plagiarism_cron_task',0,1577064245.1689000000,1577064245.1707000000,0,0,0,'Execute scheduled task: Background processing for legacy cron in plagiarism plugins (core\\task\\plagiarism_cron_task)\n... started 09:24:05. Current memory use 30.2mb.\n... used 0 dbqueries\n... used 0.00057697296142578 seconds\nScheduled task complete: Background processing for legacy cron in plagiarism plugins (core\\task\\plagiarism_cron_task)\n'),(5281278,0,'moodle','core\\task\\question_preview_cleanup_task',0,1577064245.3229000000,1577064245.3906000000,2,0,0,'Execute scheduled task: Background processing for cleaning up question previews (core\\task\\question_preview_cleanup_task)\n... started 09:24:05. Current memory use 30.3mb.\n\n  Cleaning up old question previews...done.\n... used 2 dbqueries\n... used 0.066876888275146 seconds\nScheduled task complete: Background processing for cleaning up question previews (core\\task\\question_preview_cleanup_task)\n'),(5281279,0,'mod_quiz','mod_quiz\\task\\update_overdue_attempts',0,1577064245.5915000000,1577064245.5943000000,1,0,0,'Execute scheduled task: Updating overdue quiz attempts (mod_quiz\\task\\update_overdue_attempts)\n... started 09:24:05. Current memory use 33.2mb.\n  Looking for quiz overdue quiz attempts...\n  Considered 0 attempts in 0 quizzes.\n... used 1 dbqueries\n... used 0.0014948844909668 seconds\nScheduled task complete: Updating overdue quiz attempts (mod_quiz\\task\\update_overdue_attempts)\n'),(5281280,0,'mod_quiz','mod_quiz\\task\\legacy_quiz_reports_cron',0,1577064245.7056000000,1577064245.7065000000,0,0,0,'Execute scheduled task: Legacy cron quiz reports (mod_quiz\\task\\legacy_quiz_reports_cron)\n... started 09:24:05. Current memory use 33.2mb.\n... used 0 dbqueries\n... used 0.00013089179992676 seconds\nScheduled task complete: Legacy cron quiz reports (mod_quiz\\task\\legacy_quiz_reports_cron)\n'),(5281281,0,'mod_quiz','mod_quiz\\task\\legacy_quiz_accessrules_cron',0,1577064245.8549000000,1577064245.8558000000,0,0,0,'Execute scheduled task: Legacy cron quiz access rules (mod_quiz\\task\\legacy_quiz_accessrules_cron)\n... started 09:24:05. Current memory use 33.2mb.\n... used 0 dbqueries\n... used 0.00012803077697754 seconds\nScheduled task complete: Legacy cron quiz access rules (mod_quiz\\task\\legacy_quiz_accessrules_cron)\n'),(5281282,0,'mod_workshop','mod_workshop\\task\\cron_task',0,1577064245.9794000000,1577064245.9809000000,1,0,0,'Execute scheduled task: Background processing for workshop module (mod_workshop\\task\\cron_task)\n... started 09:24:05. Current memory use 33.3mb.\n processing workshop subplugins ...\n... used 1 dbqueries\n... used 0.00048685073852539 seconds\nScheduled task complete: Background processing for workshop module (mod_workshop\\task\\cron_task)\n'),(5281283,0,'mod_workshop','mod_workshop\\task\\legacy_workshop_allocation_cron',0,1577064246.2006000000,1577064246.2021000000,0,0,0,'Execute scheduled task: Legacy cron workshop allocation (mod_workshop\\task\\legacy_workshop_allocation_cron)\n... started 09:24:06. Current memory use 33.3mb.\n... used 0 dbqueries\n... used 0.0002291202545166 seconds\nScheduled task complete: Legacy cron workshop allocation (mod_workshop\\task\\legacy_workshop_allocation_cron)\n'),(5281284,0,'mod_forum','mod_forum\\task\\cron_task',0,1577064246.6102000000,1577064246.6173000000,1,1,0,'Execute scheduled task: Форумтай холбоотой мэйлүүд ба хийгдэх засвар үйлчилгээний ажлууд (mod_forum\\task\\cron_task)\n... started 09:24:06. Current memory use 34.5mb.\nRemoving old digest records from 7 days ago.\nRemoved all old digest records.\nFetching unmailed posts.\n  No posts found.\n... used 2 dbqueries\n... used 0.0053439140319824 seconds\nScheduled task complete: Форумтай холбоотой мэйлүүд ба хийгдэх засвар үйлчилгээний ажлууд (mod_forum\\task\\cron_task)\n'),(5281285,0,'tool_messageinbound','tool_messageinbound\\task\\pickup_task',0,1577064246.8626000000,1577064246.8651000000,0,0,0,'Execute scheduled task: Incoming email pickup (tool_messageinbound\\task\\pickup_task)\n... started 09:24:06. Current memory use 33.8mb.\nInbound Message not fully configured - exiting early.\n... used 0 dbqueries\n... used 0.0018291473388672 seconds\nScheduled task complete: Incoming email pickup (tool_messageinbound\\task\\pickup_task)\n'),(5281286,0,'tool_monitor','tool_monitor\\task\\clean_events',0,1577064247.1443000000,1577064247.1456000000,0,0,0,'Execute scheduled task: Cleanup event monitor events (tool_monitor\\task\\clean_events)\n... started 09:24:07. Current memory use 34mb.\n... used 0 dbqueries\n... used 0.00020313262939453 seconds\nScheduled task complete: Cleanup event monitor events (tool_monitor\\task\\clean_events)\n'),(5281287,0,'auth_mnet','auth_mnet\\task\\cron_task',0,1577064247.3459000000,1577064247.3478000000,1,0,0,'Execute scheduled task: Background processing for MNET authentication (auth_mnet\\task\\cron_task)\n... started 09:24:07. Current memory use 34mb.\n... used 1 dbqueries\n... used 0.00073003768920898 seconds\nScheduled task complete: Background processing for MNET authentication (auth_mnet\\task\\cron_task)\n'),(5281288,0,'repository_filesystem','repository_filesystem\\task\\cron_task',0,1577064247.5647000000,1577064247.5679000000,3,0,0,'Execute scheduled task: Background processing for file system repository (repository_filesystem\\task\\cron_task)\n... started 09:24:07. Current memory use 34.1mb.\n... used 3 dbqueries\n... used 0.0024218559265137 seconds\nScheduled task complete: Background processing for file system repository (repository_filesystem\\task\\cron_task)\n'),(5281289,0,'workshopallocation_scheduled','workshopallocation_scheduled\\task\\cron_task',0,1577064247.6894000000,1577064247.6905000000,1,0,0,'Execute scheduled task: Background processing for scheduled allocation (workshopallocation_scheduled\\task\\cron_task)\n... started 09:24:07. Current memory use 34.1mb.\n... no workshops awaiting scheduled allocation. ... used 1 dbqueries\n... used 0.00046706199645996 seconds\nScheduled task complete: Background processing for scheduled allocation (workshopallocation_scheduled\\task\\cron_task)\n'),(5281290,0,'local_cnw_smartcohort','local_cnw_smartcohort\\task\\initialize_filter',0,1577064247.7742000000,1577064247.7754000000,2,0,0,'Execute scheduled task: Initialize filters (local_cnw_smartcohort\\task\\initialize_filter)\n... started 09:24:07. Current memory use 34.3mb.\n... used 2 dbqueries\n... used 0.0005648136138916 seconds\nScheduled task complete: Initialize filters (local_cnw_smartcohort\\task\\initialize_filter)\n'),(5281291,0,'local_cnw_smartcohort','local_cnw_smartcohort\\task\\process_queue',0,1577064247.9306000000,1577064247.9322000000,1,0,0,'Execute scheduled task: Process created&edited users (local_cnw_smartcohort\\task\\process_queue)\n... started 09:24:07. Current memory use 34.3mb.\n... used 1 dbqueries\n... used 0.00045204162597656 seconds\nScheduled task complete: Process created&edited users (local_cnw_smartcohort\\task\\process_queue)\n'),(5281292,0,'mod_assign','mod_assign\\task\\cron_task',0,1577064248.0705000000,1577064248.1130000000,3,0,0,'Execute scheduled task: Background processing for assignment module (mod_assign\\task\\cron_task)\n... started 09:24:08. Current memory use 34.4mb.\n... used 3 dbqueries\n... used 0.041522026062012 seconds\nScheduled task complete: Background processing for assignment module (mod_assign\\task\\cron_task)\n'),(5281293,0,'moodle','core\\task\\context_cleanup_task',0,1577064301.9669000000,1577064302.7956000000,10,1,0,'Execute scheduled task: Cleanup contexts (core\\task\\context_cleanup_task)\n... started 09:25:01. Current memory use 20.5mb.\n Cleaned up context instances\n... used 11 dbqueries\n... used 0.82497620582581 seconds\nScheduled task complete: Cleanup contexts (core\\task\\context_cleanup_task)\n'),(5281294,0,'moodle','core\\task\\badges_cron_task',0,1577064303.0430000000,1577064303.2483000000,1,0,0,'Execute scheduled task: Award badges (core\\task\\badges_cron_task)\n... started 09:25:03. Current memory use 22.6mb.\nStarted reviewing available badges.\nBadges were issued 0 time(s).\n... used 1 dbqueries\n... used 0.20466113090515 seconds\nScheduled task complete: Award badges (core\\task\\badges_cron_task)\n'),(5281295,0,'block_rss_client','block_rss_client\\task\\refreshfeeds',0,1577064303.4215000000,1577064303.4553000000,1,0,0,'Execute scheduled task: Refresh RSS feeds task (block_rss_client\\task\\refreshfeeds)\n... started 09:25:03. Current memory use 22.5mb.\n\n0 feeds refreshed (took 0.026235 seconds)\n... used 1 dbqueries\n... used 0.033290147781372 seconds\nScheduled task complete: Refresh RSS feeds task (block_rss_client\\task\\refreshfeeds)\n'),(5281296,0,'moodle','core\\task\\badges_message_task',0,1577064303.6324000000,1577064303.6340000000,1,0,0,'Execute scheduled task: Background processing for sending badges notifications (core\\task\\badges_message_task)\n... started 09:25:03. Current memory use 23.5mb.\nSending scheduled badge notifications.\n... used 1 dbqueries\n... used 0.00048589706420898 seconds\nScheduled task complete: Background processing for sending badges notifications (core\\task\\badges_message_task)\n'),(5281297,0,'mod_chat','mod_chat\\task\\cron_task',0,1577064303.7997000000,1577064303.9254000000,2,2,0,'Execute scheduled task: Background processing for chat module (mod_chat\\task\\cron_task)\n... started 09:25:03. Current memory use 23.5mb.\n... used 4 dbqueries\n... used 0.12513089179993 seconds\nScheduled task complete: Background processing for chat module (mod_chat\\task\\cron_task)\n'),(5281298,0,'moodle','core\\task\\session_cleanup_task',0,1577064304.1153000000,1577064304.1645000000,7,1,0,'Execute scheduled task: Cleanup old sessions (core\\task\\session_cleanup_task)\n... started 09:25:04. Current memory use 23.7mb.\n... used 8 dbqueries\n... used 0.048271894454956 seconds\nScheduled task complete: Cleanup old sessions (core\\task\\session_cleanup_task)\n'),(5281299,0,'moodle','core\\task\\send_new_user_passwords_task',0,1577064304.4906000000,1577064304.5113000000,1,0,0,'Execute scheduled task: Send new user passwords (core\\task\\send_new_user_passwords_task)\n... started 09:25:04. Current memory use 26.1mb.\n... used 1 dbqueries\n... used 0.019948959350586 seconds\nScheduled task complete: Send new user passwords (core\\task\\send_new_user_passwords_task)\n'),(5281300,0,'moodle','core\\task\\send_failed_login_notifications_task',0,1577064304.6498000000,1577064304.6509000000,0,0,0,'Execute scheduled task: Send failed login notifications (core\\task\\send_failed_login_notifications_task)\n... started 09:25:04. Current memory use 26.2mb.\n... used 0 dbqueries\n... used 7.7962875366211E-5 seconds\nScheduled task complete: Send failed login notifications (core\\task\\send_failed_login_notifications_task)\n'),(5281301,0,'moodle','core\\task\\legacy_plugin_cron_task',0,1577064304.7991000000,1577064304.9438000000,8,1,0,'Execute scheduled task: Legacy cron processing for plugins (core\\task\\legacy_plugin_cron_task)\n... started 09:25:04. Current memory use 26.2mb.\nRunning auth crons if required...\nRunning enrol crons if required...\nStarting activity modules\nFinished activity modules\nStarting blocks\nProcessing cron function for configurable_reports....done.\nFinished blocks\nStarting admin reports\nFinished admin reports\nStarting course reports\nFinished course reports\nStarting gradebook plugins\nFinished gradebook plugins\nStarting question types\nProcessing cron function for qtype_wq...\n... started 09:25:04. Current memory use 29mb.\ndone. (4 dbqueries, 0.01 seconds)\nFinished question types\n... used 9 dbqueries\n... used 0.14381194114685 seconds\nScheduled task complete: Legacy cron processing for plugins (core\\task\\legacy_plugin_cron_task)\n'),(5281302,0,'moodle','core\\task\\grade_cron_task',0,1577064305.1873000000,1577064305.2178000000,2,0,0,'Execute scheduled task: Background processing for gradebook (core\\task\\grade_cron_task)\n... started 09:25:05. Current memory use 29.1mb.\n... used 2 dbqueries\n... used 0.029589176177979 seconds\nScheduled task complete: Background processing for gradebook (core\\task\\grade_cron_task)\n'),(5281303,0,'moodle','core\\task\\calendar_cron_task',0,1577064305.3202000000,1577064305.3300000000,1,0,0,'Execute scheduled task: Send calendar notifications (core\\task\\calendar_cron_task)\n... started 09:25:05. Current memory use 29.1mb.\n... used 1 dbqueries\n... used 0.0087058544158936 seconds\nScheduled task complete: Send calendar notifications (core\\task\\calendar_cron_task)\n'),(5281304,0,'moodle','core\\task\\blog_cron_task',0,1577064305.4527000000,1577064305.4574000000,1,1,0,'Execute scheduled task: Sync external blogs (core\\task\\blog_cron_task)\n... started 09:25:05. Current memory use 29.5mb.\n... used 2 dbqueries\n... used 0.0040819644927979 seconds\nScheduled task complete: Sync external blogs (core\\task\\blog_cron_task)\n'),(5281305,0,'enrol_category','enrol_category\\task\\enrol_category_sync',0,1577064305.6029000000,1577064305.6051000000,2,0,0,'Execute scheduled task: Category enrolment sync task (enrol_category\\task\\enrol_category_sync)\n... started 09:25:05. Current memory use 29.9mb.\n... used 2 dbqueries\n... used 0.001615047454834 seconds\nScheduled task complete: Category enrolment sync task (enrol_category\\task\\enrol_category_sync)\n'),(5281306,0,'enrol_paypal','enrol_paypal\\task\\process_expirations',0,1577064305.7592000000,1577064305.7612000000,1,0,0,'Execute scheduled task: PayPal enrolment send expiry notifications task (enrol_paypal\\task\\process_expirations)\n... started 09:25:05. Current memory use 29.9mb.\nNo expired enrol_paypal enrolments detected\n... used 1 dbqueries\n... used 0.0011281967163086 seconds\nScheduled task complete: PayPal enrolment send expiry notifications task (enrol_paypal\\task\\process_expirations)\n'),(5281307,0,'moodle','core\\task\\completion_regular_task',0,1577064305.9105000000,1577064305.9259000000,6,0,0,'Execute scheduled task: Calculate regular completion data (core\\task\\completion_regular_task)\n... started 09:25:05. Current memory use 29.9mb.\n... used 6 dbqueries\n... used 0.014321088790894 seconds\nScheduled task complete: Calculate regular completion data (core\\task\\completion_regular_task)\n'),(5281308,0,'moodle','core\\task\\portfolio_cron_task',0,1577064306.0753000000,1577064306.0808000000,2,0,0,'Execute scheduled task: Background processing for portfolio plugins (core\\task\\portfolio_cron_task)\n... started 09:25:06. Current memory use 30.4mb.\n... used 2 dbqueries\n... used 0.0047469139099121 seconds\nScheduled task complete: Background processing for portfolio plugins (core\\task\\portfolio_cron_task)\n'),(5281309,0,'format_socialwall','format_socialwall\\task\\send_timeline_instant',0,1577064306.3136000000,1577064306.3867000000,3,1,0,'Execute scheduled task: Send timeline notifications (per Post) (format_socialwall\\task\\send_timeline_instant)\n... started 09:25:06. Current memory use 31.5mb.\nformat_socialwall instant_cron succesfully finished.\n... used 4 dbqueries\n... used 0.072257041931152 seconds\nScheduled task complete: Send timeline notifications (per Post) (format_socialwall\\task\\send_timeline_instant)\n'),(5281310,0,'moodle','core\\task\\plagiarism_cron_task',0,1577064306.5399000000,1577064306.5416000000,0,0,0,'Execute scheduled task: Background processing for legacy cron in plagiarism plugins (core\\task\\plagiarism_cron_task)\n... started 09:25:06. Current memory use 31.6mb.\n... used 0 dbqueries\n... used 0.00053000450134277 seconds\nScheduled task complete: Background processing for legacy cron in plagiarism plugins (core\\task\\plagiarism_cron_task)\n'),(5281311,0,'moodle','core\\task\\question_preview_cleanup_task',0,1577064306.6960000000,1577064306.7730000000,2,0,0,'Execute scheduled task: Background processing for cleaning up question previews (core\\task\\question_preview_cleanup_task)\n... started 09:25:06. Current memory use 31.6mb.\n\n  Cleaning up old question previews...done.\n... used 2 dbqueries\n... used 0.076149940490723 seconds\nScheduled task complete: Background processing for cleaning up question previews (core\\task\\question_preview_cleanup_task)\n'),(5281312,0,'moodle','core\\task\\question_stats_cleanup_task',0,1577064306.9050000000,1577064306.9073000000,1,3,0,'Execute scheduled task: Background processing for cleaning up question statistics caches (core\\task\\question_stats_cleanup_task)\n... started 09:25:06. Current memory use 33.3mb.\n\n  Cleaning up old question statistics cache records...done.\n... used 4 dbqueries\n... used 0.001478910446167 seconds\nScheduled task complete: Background processing for cleaning up question statistics caches (core\\task\\question_stats_cleanup_task)\n'),(5281313,0,'mod_quiz','mod_quiz\\task\\update_overdue_attempts',0,1577064307.0607000000,1577064307.0653000000,1,0,0,'Execute scheduled task: Updating overdue quiz attempts (mod_quiz\\task\\update_overdue_attempts)\n... started 09:25:07. Current memory use 34.5mb.\n  Looking for quiz overdue quiz attempts...\n  Considered 0 attempts in 0 quizzes.\n... used 1 dbqueries\n... used 0.0026030540466309 seconds\nScheduled task complete: Updating overdue quiz attempts (mod_quiz\\task\\update_overdue_attempts)\n'),(5281314,0,'mod_quiz','mod_quiz\\task\\legacy_quiz_reports_cron',0,1577064307.2496000000,1577064307.2507000000,0,0,0,'Execute scheduled task: Legacy cron quiz reports (mod_quiz\\task\\legacy_quiz_reports_cron)\n... started 09:25:07. Current memory use 34.5mb.\n... used 0 dbqueries\n... used 0.00013399124145508 seconds\nScheduled task complete: Legacy cron quiz reports (mod_quiz\\task\\legacy_quiz_reports_cron)\n'),(5281315,0,'mod_quiz','mod_quiz\\task\\legacy_quiz_accessrules_cron',0,1577064307.4686000000,1577064307.4694000000,0,0,0,'Execute scheduled task: Legacy cron quiz access rules (mod_quiz\\task\\legacy_quiz_accessrules_cron)\n... started 09:25:07. Current memory use 34.5mb.\n... used 0 dbqueries\n... used 0.00011301040649414 seconds\nScheduled task complete: Legacy cron quiz access rules (mod_quiz\\task\\legacy_quiz_accessrules_cron)\n'),(5281316,0,'mod_forum','mod_forum\\task\\cron_task',0,1577064307.6381000000,1577064307.6414000000,1,1,0,'Execute scheduled task: Форумтай холбоотой мэйлүүд ба хийгдэх засвар үйлчилгээний ажлууд (mod_forum\\task\\cron_task)\n... started 09:25:07. Current memory use 35.8mb.\nRemoving old digest records from 7 days ago.\nRemoved all old digest records.\nFetching unmailed posts.\n  No posts found.\n... used 2 dbqueries\n... used 0.0022659301757812 seconds\nScheduled task complete: Форумтай холбоотой мэйлүүд ба хийгдэх засвар үйлчилгээний ажлууд (mod_forum\\task\\cron_task)\n'),(5281317,0,'mod_workshop','mod_workshop\\task\\cron_task',0,1577064307.9369000000,1577064307.9386000000,1,0,0,'Execute scheduled task: Background processing for workshop module (mod_workshop\\task\\cron_task)\n... started 09:25:07. Current memory use 35.8mb.\n processing workshop subplugins ...\n... used 1 dbqueries\n... used 0.00063395500183105 seconds\nScheduled task complete: Background processing for workshop module (mod_workshop\\task\\cron_task)\n'),(5281318,0,'mod_workshop','mod_workshop\\task\\legacy_workshop_allocation_cron',0,1577064308.0818000000,1577064308.0826000000,0,0,0,'Execute scheduled task: Legacy cron workshop allocation (mod_workshop\\task\\legacy_workshop_allocation_cron)\n... started 09:25:08. Current memory use 35.8mb.\n... used 0 dbqueries\n... used 0.0001220703125 seconds\nScheduled task complete: Legacy cron workshop allocation (mod_workshop\\task\\legacy_workshop_allocation_cron)\n'),(5281319,0,'tool_messageinbound','tool_messageinbound\\task\\pickup_task',0,1577064308.2532000000,1577064308.2556000000,0,0,0,'Execute scheduled task: Incoming email pickup (tool_messageinbound\\task\\pickup_task)\n... started 09:25:08. Current memory use 35.1mb.\nInbound Message not fully configured - exiting early.\n... used 0 dbqueries\n... used 0.0017359256744385 seconds\nScheduled task complete: Incoming email pickup (tool_messageinbound\\task\\pickup_task)\n'),(5281320,0,'tool_monitor','tool_monitor\\task\\clean_events',0,1577064308.6000000000,1577064308.6013000000,0,0,0,'Execute scheduled task: Cleanup event monitor events (tool_monitor\\task\\clean_events)\n... started 09:25:08. Current memory use 35.3mb.\n... used 0 dbqueries\n... used 0.00023603439331055 seconds\nScheduled task complete: Cleanup event monitor events (tool_monitor\\task\\clean_events)\n'),(5281321,0,'auth_mnet','auth_mnet\\task\\cron_task',0,1577064308.7651000000,1577064308.7668000000,1,0,0,'Execute scheduled task: Background processing for MNET authentication (auth_mnet\\task\\cron_task)\n... started 09:25:08. Current memory use 35.3mb.\n... used 1 dbqueries\n... used 0.0010380744934082 seconds\nScheduled task complete: Background processing for MNET authentication (auth_mnet\\task\\cron_task)\n'),(5281322,0,'repository_filesystem','repository_filesystem\\task\\cron_task',0,1577064308.9015000000,1577064308.9047000000,3,0,0,'Execute scheduled task: Background processing for file system repository (repository_filesystem\\task\\cron_task)\n... started 09:25:08. Current memory use 35.3mb.\n... used 3 dbqueries\n... used 0.0025019645690918 seconds\nScheduled task complete: Background processing for file system repository (repository_filesystem\\task\\cron_task)\n'),(5281323,0,'workshopallocation_scheduled','workshopallocation_scheduled\\task\\cron_task',0,1577064309.0327000000,1577064309.0343000000,1,0,0,'Execute scheduled task: Background processing for scheduled allocation (workshopallocation_scheduled\\task\\cron_task)\n... started 09:25:09. Current memory use 35.4mb.\n... no workshops awaiting scheduled allocation. ... used 1 dbqueries\n... used 0.00081300735473633 seconds\nScheduled task complete: Background processing for scheduled allocation (workshopallocation_scheduled\\task\\cron_task)\n'),(5281324,0,'local_cnw_smartcohort','local_cnw_smartcohort\\task\\initialize_filter',0,1577064309.1379000000,1577064309.1392000000,2,0,0,'Execute scheduled task: Initialize filters (local_cnw_smartcohort\\task\\initialize_filter)\n... started 09:25:09. Current memory use 35.6mb.\n... used 2 dbqueries\n... used 0.00059008598327637 seconds\nScheduled task complete: Initialize filters (local_cnw_smartcohort\\task\\initialize_filter)\n'),(5281325,0,'local_cnw_smartcohort','local_cnw_smartcohort\\task\\process_queue',0,1577064309.4737000000,1577064309.4748000000,1,0,0,'Execute scheduled task: Process created&edited users (local_cnw_smartcohort\\task\\process_queue)\n... started 09:25:09. Current memory use 35.6mb.\n... used 1 dbqueries\n... used 0.00042200088500977 seconds\nScheduled task complete: Process created&edited users (local_cnw_smartcohort\\task\\process_queue)\n'),(5281326,0,'mod_assign','mod_assign\\task\\cron_task',0,1577064309.6710000000,1577064309.7093000000,3,0,0,'Execute scheduled task: Background processing for assignment module (mod_assign\\task\\cron_task)\n... started 09:25:09. Current memory use 35.7mb.\n... used 3 dbqueries\n... used 0.037197828292847 seconds\nScheduled task complete: Background processing for assignment module (mod_assign\\task\\cron_task)\n'),(5281327,0,'moodle','core\\task\\session_cleanup_task',0,1577064362.4647000000,1577064362.6100000000,7,2,0,'Execute scheduled task: Cleanup old sessions (core\\task\\session_cleanup_task)\n... started 09:26:02. Current memory use 20.5mb.\n... used 9 dbqueries\n... used 0.14301705360413 seconds\nScheduled task complete: Cleanup old sessions (core\\task\\session_cleanup_task)\n'),(5281328,0,'moodle','core\\task\\send_new_user_passwords_task',0,1577064362.7872000000,1577064362.8063000000,1,0,0,'Execute scheduled task: Send new user passwords (core\\task\\send_new_user_passwords_task)\n... started 09:26:02. Current memory use 24.7mb.\n... used 1 dbqueries\n... used 0.018357038497925 seconds\nScheduled task complete: Send new user passwords (core\\task\\send_new_user_passwords_task)\n'),(5281329,0,'moodle','core\\task\\send_failed_login_notifications_task',0,1577064362.9904000000,1577064362.9911000000,0,0,0,'Execute scheduled task: Send failed login notifications (core\\task\\send_failed_login_notifications_task)\n... started 09:26:02. Current memory use 24.8mb.\n... used 0 dbqueries\n... used 4.2915344238281E-5 seconds\nScheduled task complete: Send failed login notifications (core\\task\\send_failed_login_notifications_task)\n'),(5281330,0,'moodle','core\\task\\legacy_plugin_cron_task',0,1577064363.3470000000,1577064363.5509000000,9,1,0,'Execute scheduled task: Legacy cron processing for plugins (core\\task\\legacy_plugin_cron_task)\n... started 09:26:03. Current memory use 24.8mb.\nRunning auth crons if required...\nRunning enrol crons if required...\nStarting activity modules\nFinished activity modules\nStarting blocks\nProcessing cron function for configurable_reports....done.\nFinished blocks\nStarting admin reports\nFinished admin reports\nStarting course reports\nFinished course reports\nStarting gradebook plugins\nFinished gradebook plugins\nStarting question types\nProcessing cron function for qtype_wq...\n... started 09:26:03. Current memory use 27.5mb.\ndone. (5 dbqueries, 0.01 seconds)\nFinished question types\n... used 10 dbqueries\n... used 0.20315098762512 seconds\nScheduled task complete: Legacy cron processing for plugins (core\\task\\legacy_plugin_cron_task)\n'),(5281331,0,'moodle','core\\task\\grade_cron_task',0,1577064363.7584000000,1577064363.7607000000,2,0,0,'Execute scheduled task: Background processing for gradebook (core\\task\\grade_cron_task)\n... started 09:26:03. Current memory use 27.8mb.\n... used 2 dbqueries\n... used 0.0015690326690674 seconds\nScheduled task complete: Background processing for gradebook (core\\task\\grade_cron_task)\n'),(5281332,0,'moodle','core\\task\\calendar_cron_task',0,1577064363.9671000000,1577064363.9724000000,1,0,0,'Execute scheduled task: Send calendar notifications (core\\task\\calendar_cron_task)\n... started 09:26:03. Current memory use 27.8mb.\n... used 1 dbqueries\n... used 0.0046749114990234 seconds\nScheduled task complete: Send calendar notifications (core\\task\\calendar_cron_task)\n'),(5281333,0,'moodle','core\\task\\blog_cron_task',0,1577064364.2246000000,1577064364.3454000000,1,1,0,'Execute scheduled task: Sync external blogs (core\\task\\blog_cron_task)\n... started 09:26:04. Current memory use 28.2mb.\n... used 2 dbqueries\n... used 0.11960291862488 seconds\nScheduled task complete: Sync external blogs (core\\task\\blog_cron_task)\n'),(5281334,0,'enrol_category','enrol_category\\task\\enrol_category_sync',0,1577064364.6085000000,1577064364.6117000000,2,0,0,'Execute scheduled task: Category enrolment sync task (enrol_category\\task\\enrol_category_sync)\n... started 09:26:04. Current memory use 28.5mb.\n... used 2 dbqueries\n... used 0.0020480155944824 seconds\nScheduled task complete: Category enrolment sync task (enrol_category\\task\\enrol_category_sync)\n'),(5281335,0,'enrol_paypal','enrol_paypal\\task\\process_expirations',0,1577064364.8050000000,1577064364.8073000000,1,0,0,'Execute scheduled task: PayPal enrolment send expiry notifications task (enrol_paypal\\task\\process_expirations)\n... started 09:26:04. Current memory use 28.6mb.\nNo expired enrol_paypal enrolments detected\n... used 1 dbqueries\n... used 0.0012190341949463 seconds\nScheduled task complete: PayPal enrolment send expiry notifications task (enrol_paypal\\task\\process_expirations)\n'),(5281336,0,'moodle','core\\task\\completion_regular_task',0,1577064364.9698000000,1577064364.9805000000,6,0,0,'Execute scheduled task: Calculate regular completion data (core\\task\\completion_regular_task)\n... started 09:26:04. Current memory use 28.6mb.\n... used 6 dbqueries\n... used 0.010147094726562 seconds\nScheduled task complete: Calculate regular completion data (core\\task\\completion_regular_task)\n'),(5281337,0,'moodle','core\\task\\portfolio_cron_task',0,1577064365.1705000000,1577064365.3512000000,2,0,0,'Execute scheduled task: Background processing for portfolio plugins (core\\task\\portfolio_cron_task)\n... started 09:26:05. Current memory use 29mb.\n... used 2 dbqueries\n... used 0.17995095252991 seconds\nScheduled task complete: Background processing for portfolio plugins (core\\task\\portfolio_cron_task)\n'),(5281338,0,'moodle','core\\task\\plagiarism_cron_task',0,1577064365.4865000000,1577064365.4882000000,0,0,0,'Execute scheduled task: Background processing for legacy cron in plagiarism plugins (core\\task\\plagiarism_cron_task)\n... started 09:26:05. Current memory use 29.3mb.\n... used 0 dbqueries\n... used 0.00057005882263184 seconds\nScheduled task complete: Background processing for legacy cron in plagiarism plugins (core\\task\\plagiarism_cron_task)\n'),(5281339,0,'moodle','core\\task\\question_preview_cleanup_task',0,1577064365.6532000000,1577064365.7324000000,2,0,0,'Execute scheduled task: Background processing for cleaning up question previews (core\\task\\question_preview_cleanup_task)\n... started 09:26:05. Current memory use 29.4mb.\n\n  Cleaning up old question previews...done.\n... used 2 dbqueries\n... used 0.078589916229248 seconds\nScheduled task complete: Background processing for cleaning up question previews (core\\task\\question_preview_cleanup_task)\n'),(5281340,0,'format_socialwall','format_socialwall\\task\\send_timeline_instant',0,1577064365.9118000000,1577064365.9818000000,3,1,0,'Execute scheduled task: Send timeline notifications (per Post) (format_socialwall\\task\\send_timeline_instant)\n... started 09:26:05. Current memory use 31.8mb.\nformat_socialwall instant_cron succesfully finished.\n... used 4 dbqueries\n... used 0.069226980209351 seconds\nScheduled task complete: Send timeline notifications (per Post) (format_socialwall\\task\\send_timeline_instant)\n'),(5281341,0,'moodle','core\\task\\question_stats_cleanup_task',0,1577064366.1170000000,1577064366.1190000000,1,3,0,'Execute scheduled task: Background processing for cleaning up question statistics caches (core\\task\\question_stats_cleanup_task)\n... started 09:26:06. Current memory use 31.9mb.\n\n  Cleaning up old question statistics cache records...done.\n... used 4 dbqueries\n... used 0.0012209415435791 seconds\nScheduled task complete: Background processing for cleaning up question statistics caches (core\\task\\question_stats_cleanup_task)\n'),(5281342,0,'mod_forum','mod_forum\\task\\cron_task',0,1577064366.3754000000,1577064366.3807000000,1,1,0,'Execute scheduled task: Форумтай холбоотой мэйлүүд ба хийгдэх засвар үйлчилгээний ажлууд (mod_forum\\task\\cron_task)\n... started 09:26:06. Current memory use 33.1mb.\nRemoving old digest records from 7 days ago.\nRemoved all old digest records.\nFetching unmailed posts.\n  No posts found.\n... used 2 dbqueries\n... used 0.0034630298614502 seconds\nScheduled task complete: Форумтай холбоотой мэйлүүд ба хийгдэх засвар үйлчилгээний ажлууд (mod_forum\\task\\cron_task)\n'),(5281343,0,'mod_quiz','mod_quiz\\task\\update_overdue_attempts',0,1577064366.5691000000,1577064366.6536000000,1,0,0,'Execute scheduled task: Updating overdue quiz attempts (mod_quiz\\task\\update_overdue_attempts)\n... started 09:26:06. Current memory use 34.3mb.\n  Looking for quiz overdue quiz attempts...\n  Considered 0 attempts in 0 quizzes.\n... used 1 dbqueries\n... used 0.0833420753479 seconds\nScheduled task complete: Updating overdue quiz attempts (mod_quiz\\task\\update_overdue_attempts)\n'),(5281344,0,'mod_quiz','mod_quiz\\task\\legacy_quiz_reports_cron',0,1577064366.8554000000,1577064366.8563000000,0,0,0,'Execute scheduled task: Legacy cron quiz reports (mod_quiz\\task\\legacy_quiz_reports_cron)\n... started 09:26:06. Current memory use 34.4mb.\n... used 0 dbqueries\n... used 0.00012803077697754 seconds\nScheduled task complete: Legacy cron quiz reports (mod_quiz\\task\\legacy_quiz_reports_cron)\n'),(5281345,0,'mod_quiz','mod_quiz\\task\\legacy_quiz_accessrules_cron',0,1577064366.9979000000,1577064366.9992000000,0,0,0,'Execute scheduled task: Legacy cron quiz access rules (mod_quiz\\task\\legacy_quiz_accessrules_cron)\n... started 09:26:06. Current memory use 34.4mb.\n... used 0 dbqueries\n... used 0.00019001960754395 seconds\nScheduled task complete: Legacy cron quiz access rules (mod_quiz\\task\\legacy_quiz_accessrules_cron)\n'),(5281346,0,'tool_messageinbound','tool_messageinbound\\task\\pickup_task',0,1577064367.3415000000,1577064367.3461000000,0,0,0,'Execute scheduled task: Incoming email pickup (tool_messageinbound\\task\\pickup_task)\n... started 09:26:07. Current memory use 33.8mb.\nInbound Message not fully configured - exiting early.\n... used 0 dbqueries\n... used 0.0035181045532227 seconds\nScheduled task complete: Incoming email pickup (tool_messageinbound\\task\\pickup_task)\n'),(5281347,0,'tool_monitor','tool_monitor\\task\\clean_events',0,1577064367.5182000000,1577064367.5195000000,0,0,0,'Execute scheduled task: Cleanup event monitor events (tool_monitor\\task\\clean_events)\n... started 09:26:07. Current memory use 33.9mb.\n... used 0 dbqueries\n... used 0.00020813941955566 seconds\nScheduled task complete: Cleanup event monitor events (tool_monitor\\task\\clean_events)\n'),(5281348,0,'mod_workshop','mod_workshop\\task\\cron_task',0,1577064367.6658000000,1577064367.6679000000,1,0,0,'Execute scheduled task: Background processing for workshop module (mod_workshop\\task\\cron_task)\n... started 09:26:07. Current memory use 34.1mb.\n processing workshop subplugins ...\n... used 1 dbqueries\n... used 0.00082111358642578 seconds\nScheduled task complete: Background processing for workshop module (mod_workshop\\task\\cron_task)\n'),(5281349,0,'mod_workshop','mod_workshop\\task\\legacy_workshop_allocation_cron',0,1577064367.8307000000,1577064367.8315000000,0,0,0,'Execute scheduled task: Legacy cron workshop allocation (mod_workshop\\task\\legacy_workshop_allocation_cron)\n... started 09:26:07. Current memory use 34.1mb.\n... used 0 dbqueries\n... used 0.00012683868408203 seconds\nScheduled task complete: Legacy cron workshop allocation (mod_workshop\\task\\legacy_workshop_allocation_cron)\n'),(5281350,0,'auth_mnet','auth_mnet\\task\\cron_task',0,1577064368.1742000000,1577064368.1772000000,1,0,0,'Execute scheduled task: Background processing for MNET authentication (auth_mnet\\task\\cron_task)\n... started 09:26:08. Current memory use 34.1mb.\n... used 1 dbqueries\n... used 0.0018582344055176 seconds\nScheduled task complete: Background processing for MNET authentication (auth_mnet\\task\\cron_task)\n'),(5281351,0,'repository_filesystem','repository_filesystem\\task\\cron_task',0,1577064368.3099000000,1577064368.4223000000,3,0,0,'Execute scheduled task: Background processing for file system repository (repository_filesystem\\task\\cron_task)\n... started 09:26:08. Current memory use 34.1mb.\n... used 3 dbqueries\n... used 0.11159896850586 seconds\nScheduled task complete: Background processing for file system repository (repository_filesystem\\task\\cron_task)\n'),(5281352,0,'workshopallocation_scheduled','workshopallocation_scheduled\\task\\cron_task',0,1577064368.5691000000,1577064368.5704000000,1,0,0,'Execute scheduled task: Background processing for scheduled allocation (workshopallocation_scheduled\\task\\cron_task)\n... started 09:26:08. Current memory use 34.1mb.\n... no workshops awaiting scheduled allocation. ... used 1 dbqueries\n... used 0.0006248950958252 seconds\nScheduled task complete: Background processing for scheduled allocation (workshopallocation_scheduled\\task\\cron_task)\n'),(5281353,0,'local_cnw_smartcohort','local_cnw_smartcohort\\task\\initialize_filter',0,1577064368.7365000000,1577064368.7385000000,2,0,0,'Execute scheduled task: Initialize filters (local_cnw_smartcohort\\task\\initialize_filter)\n... started 09:26:08. Current memory use 34.4mb.\n... used 2 dbqueries\n... used 0.00098109245300293 seconds\nScheduled task complete: Initialize filters (local_cnw_smartcohort\\task\\initialize_filter)\n'),(5281354,0,'local_cnw_smartcohort','local_cnw_smartcohort\\task\\process_queue',0,1577064368.9218000000,1577064368.9229000000,1,0,0,'Execute scheduled task: Process created&edited users (local_cnw_smartcohort\\task\\process_queue)\n... started 09:26:08. Current memory use 34.4mb.\n... used 1 dbqueries\n... used 0.00043296813964844 seconds\nScheduled task complete: Process created&edited users (local_cnw_smartcohort\\task\\process_queue)\n'),(5281355,0,'mod_assign','mod_assign\\task\\cron_task',0,1577064369.5865000000,1577064369.6281000000,3,0,0,'Execute scheduled task: Background processing for assignment module (mod_assign\\task\\cron_task)\n... started 09:26:09. Current memory use 34.4mb.\n... used 3 dbqueries\n... used 0.039892911911011 seconds\nScheduled task complete: Background processing for assignment module (mod_assign\\task\\cron_task)\n'),(5281356,0,'moodle','core\\task\\session_cleanup_task',0,1577064421.5913000000,1577064421.6500000000,7,1,0,'Execute scheduled task: Cleanup old sessions (core\\task\\session_cleanup_task)\n... started 09:27:01. Current memory use 20.5mb.\n... used 8 dbqueries\n... used 0.056514024734497 seconds\nScheduled task complete: Cleanup old sessions (core\\task\\session_cleanup_task)\n'),(5281357,0,'moodle','core\\task\\send_new_user_passwords_task',0,1577064421.8561000000,1577064421.8706000000,1,0,0,'Execute scheduled task: Send new user passwords (core\\task\\send_new_user_passwords_task)\n... started 09:27:01. Current memory use 24.7mb.\n... used 1 dbqueries\n... used 0.013776779174805 seconds\nScheduled task complete: Send new user passwords (core\\task\\send_new_user_passwords_task)\n'),(5281358,0,'moodle','core\\task\\send_failed_login_notifications_task',0,1577064422.0310000000,1577064422.0317000000,0,0,0,'Execute scheduled task: Send failed login notifications (core\\task\\send_failed_login_notifications_task)\n... started 09:27:02. Current memory use 24.8mb.\n... used 0 dbqueries\n... used 4.0054321289062E-5 seconds\nScheduled task complete: Send failed login notifications (core\\task\\send_failed_login_notifications_task)\n'),(5281359,0,'moodle','core\\task\\legacy_plugin_cron_task',0,1577064422.1550000000,1577064422.5262000000,9,1,0,'Execute scheduled task: Legacy cron processing for plugins (core\\task\\legacy_plugin_cron_task)\n... started 09:27:02. Current memory use 24.8mb.\nRunning auth crons if required...\nRunning enrol crons if required...\nStarting activity modules\nFinished activity modules\nStarting blocks\nProcessing cron function for configurable_reports....done.\nFinished blocks\nStarting admin reports\nFinished admin reports\nStarting course reports\nFinished course reports\nStarting gradebook plugins\nFinished gradebook plugins\nStarting question types\nProcessing cron function for qtype_wq...\n... started 09:27:02. Current memory use 27.5mb.\ndone. (5 dbqueries, 0.01 seconds)\nFinished question types\n... used 10 dbqueries\n... used 0.37055993080139 seconds\nScheduled task complete: Legacy cron processing for plugins (core\\task\\legacy_plugin_cron_task)\n'),(5281360,0,'moodle','core\\task\\grade_cron_task',0,1577064422.6791000000,1577064422.6812000000,2,0,0,'Execute scheduled task: Background processing for gradebook (core\\task\\grade_cron_task)\n... started 09:27:02. Current memory use 27.8mb.\n... used 2 dbqueries\n... used 0.001431941986084 seconds\nScheduled task complete: Background processing for gradebook (core\\task\\grade_cron_task)\n'),(5281361,0,'moodle','core\\task\\calendar_cron_task',0,1577064422.8112000000,1577064422.8212000000,1,0,0,'Execute scheduled task: Send calendar notifications (core\\task\\calendar_cron_task)\n... started 09:27:02. Current memory use 27.8mb.\n... used 1 dbqueries\n... used 0.0087912082672119 seconds\nScheduled task complete: Send calendar notifications (core\\task\\calendar_cron_task)\n'),(5281362,0,'moodle','core\\task\\blog_cron_task',0,1577064422.9767000000,1577064422.9815000000,1,1,0,'Execute scheduled task: Sync external blogs (core\\task\\blog_cron_task)\n... started 09:27:02. Current memory use 28.2mb.\n... used 2 dbqueries\n... used 0.0041708946228027 seconds\nScheduled task complete: Sync external blogs (core\\task\\blog_cron_task)\n'),(5281363,0,'enrol_category','enrol_category\\task\\enrol_category_sync',0,1577064423.1716000000,1577064423.1754000000,2,0,0,'Execute scheduled task: Category enrolment sync task (enrol_category\\task\\enrol_category_sync)\n... started 09:27:03. Current memory use 28.5mb.\n... used 2 dbqueries\n... used 0.0025777816772461 seconds\nScheduled task complete: Category enrolment sync task (enrol_category\\task\\enrol_category_sync)\n'),(5281364,0,'enrol_paypal','enrol_paypal\\task\\process_expirations',0,1577064423.6919000000,1577064423.6935000000,1,0,0,'Execute scheduled task: PayPal enrolment send expiry notifications task (enrol_paypal\\task\\process_expirations)\n... started 09:27:03. Current memory use 28.6mb.\nNo expired enrol_paypal enrolments detected\n... used 1 dbqueries\n... used 0.00088000297546387 seconds\nScheduled task complete: PayPal enrolment send expiry notifications task (enrol_paypal\\task\\process_expirations)\n'),(5281365,0,'moodle','core\\task\\completion_regular_task',0,1577064423.8840000000,1577064423.8948000000,6,0,0,'Execute scheduled task: Calculate regular completion data (core\\task\\completion_regular_task)\n... started 09:27:03. Current memory use 28.6mb.\n... used 6 dbqueries\n... used 0.009688138961792 seconds\nScheduled task complete: Calculate regular completion data (core\\task\\completion_regular_task)\n'),(5281366,0,'moodle','core\\task\\portfolio_cron_task',0,1577064424.0152000000,1577064424.0212000000,2,0,0,'Execute scheduled task: Background processing for portfolio plugins (core\\task\\portfolio_cron_task)\n... started 09:27:04. Current memory use 29mb.\n... used 2 dbqueries\n... used 0.0053079128265381 seconds\nScheduled task complete: Background processing for portfolio plugins (core\\task\\portfolio_cron_task)\n'),(5281367,0,'moodle','core\\task\\plagiarism_cron_task',0,1577064424.3061000000,1577064424.3072000000,0,0,0,'Execute scheduled task: Background processing for legacy cron in plagiarism plugins (core\\task\\plagiarism_cron_task)\n... started 09:27:04. Current memory use 29.3mb.\n... used 0 dbqueries\n... used 0.00029611587524414 seconds\nScheduled task complete: Background processing for legacy cron in plagiarism plugins (core\\task\\plagiarism_cron_task)\n'),(5281368,0,'moodle','core\\task\\question_preview_cleanup_task',0,1577064424.7436000000,1577064424.8143000000,2,0,0,'Execute scheduled task: Background processing for cleaning up question previews (core\\task\\question_preview_cleanup_task)\n... started 09:27:04. Current memory use 29.4mb.\n\n  Cleaning up old question previews...done.\n... used 2 dbqueries\n... used 0.069943189620972 seconds\nScheduled task complete: Background processing for cleaning up question previews (core\\task\\question_preview_cleanup_task)\n'),(5281369,0,'mod_forum','mod_forum\\task\\cron_task',0,1577064425.0261000000,1577064425.0319000000,1,1,0,'Execute scheduled task: Форумтай холбоотой мэйлүүд ба хийгдэх засвар үйлчилгээний ажлууд (mod_forum\\task\\cron_task)\n... started 09:27:05. Current memory use 32.2mb.\nRemoving old digest records from 7 days ago.\nRemoved all old digest records.\nFetching unmailed posts.\n  No posts found.\n... used 2 dbqueries\n... used 0.0040781497955322 seconds\nScheduled task complete: Форумтай холбоотой мэйлүүд ба хийгдэх засвар үйлчилгээний ажлууд (mod_forum\\task\\cron_task)\n'),(5281370,0,'format_socialwall','format_socialwall\\task\\send_timeline_instant',0,1577064425.2771000000,1577064425.3579000000,3,1,0,'Execute scheduled task: Send timeline notifications (per Post) (format_socialwall\\task\\send_timeline_instant)\n... started 09:27:05. Current memory use 33mb.\nformat_socialwall instant_cron succesfully finished.\n... used 4 dbqueries\n... used 0.079937934875488 seconds\nScheduled task complete: Send timeline notifications (per Post) (format_socialwall\\task\\send_timeline_instant)\n'),(5281371,0,'moodle','core\\task\\question_stats_cleanup_task',0,1577064425.6770000000,1577064425.6800000000,1,3,0,'Execute scheduled task: Background processing for cleaning up question statistics caches (core\\task\\question_stats_cleanup_task)\n... started 09:27:05. Current memory use 33.1mb.\n\n  Cleaning up old question statistics cache records...done.\n... used 4 dbqueries\n... used 0.0017468929290771 seconds\nScheduled task complete: Background processing for cleaning up question statistics caches (core\\task\\question_stats_cleanup_task)\n'),(5281372,0,'mod_quiz','mod_quiz\\task\\update_overdue_attempts',0,1577064425.8582000000,1577064425.8629000000,1,0,0,'Execute scheduled task: Updating overdue quiz attempts (mod_quiz\\task\\update_overdue_attempts)\n... started 09:27:05. Current memory use 34.3mb.\n  Looking for quiz overdue quiz attempts...\n  Considered 0 attempts in 0 quizzes.\n... used 1 dbqueries\n... used 0.0025970935821533 seconds\nScheduled task complete: Updating overdue quiz attempts (mod_quiz\\task\\update_overdue_attempts)\n'),(5281373,0,'mod_quiz','mod_quiz\\task\\legacy_quiz_reports_cron',0,1577064426.0337000000,1577064426.0351000000,0,0,0,'Execute scheduled task: Legacy cron quiz reports (mod_quiz\\task\\legacy_quiz_reports_cron)\n... started 09:27:06. Current memory use 34.4mb.\n... used 0 dbqueries\n... used 0.00022006034851074 seconds\nScheduled task complete: Legacy cron quiz reports (mod_quiz\\task\\legacy_quiz_reports_cron)\n'),(5281374,0,'tool_messageinbound','tool_messageinbound\\task\\pickup_task',0,1577064426.2477000000,1577064426.2502000000,0,0,0,'Execute scheduled task: Incoming email pickup (tool_messageinbound\\task\\pickup_task)\n... started 09:27:06. Current memory use 33.8mb.\nInbound Message not fully configured - exiting early.\n... used 0 dbqueries\n... used 0.0017890930175781 seconds\nScheduled task complete: Incoming email pickup (tool_messageinbound\\task\\pickup_task)\n'),(5281375,0,'tool_monitor','tool_monitor\\task\\clean_events',0,1577064426.5080000000,1577064426.5094000000,0,0,0,'Execute scheduled task: Cleanup event monitor events (tool_monitor\\task\\clean_events)\n... started 09:27:06. Current memory use 33.9mb.\n... used 0 dbqueries\n... used 0.00023794174194336 seconds\nScheduled task complete: Cleanup event monitor events (tool_monitor\\task\\clean_events)\n'),(5281376,0,'mod_quiz','mod_quiz\\task\\legacy_quiz_accessrules_cron',0,1577064426.6532000000,1577064426.6551000000,0,0,0,'Execute scheduled task: Legacy cron quiz access rules (mod_quiz\\task\\legacy_quiz_accessrules_cron)\n... started 09:27:06. Current memory use 34.1mb.\n... used 0 dbqueries\n... used 0.0002288818359375 seconds\nScheduled task complete: Legacy cron quiz access rules (mod_quiz\\task\\legacy_quiz_accessrules_cron)\n'),(5281377,0,'mod_workshop','mod_workshop\\task\\cron_task',0,1577064426.7975000000,1577064426.7997000000,1,0,0,'Execute scheduled task: Background processing for workshop module (mod_workshop\\task\\cron_task)\n... started 09:27:06. Current memory use 34.2mb.\n processing workshop subplugins ...\n... used 1 dbqueries\n... used 0.00081896781921387 seconds\nScheduled task complete: Background processing for workshop module (mod_workshop\\task\\cron_task)\n'),(5281378,0,'mod_workshop','mod_workshop\\task\\legacy_workshop_allocation_cron',0,1577064426.9456000000,1577064426.9468000000,0,0,0,'Execute scheduled task: Legacy cron workshop allocation (mod_workshop\\task\\legacy_workshop_allocation_cron)\n... started 09:27:06. Current memory use 34.2mb.\n... used 0 dbqueries\n... used 0.00021696090698242 seconds\nScheduled task complete: Legacy cron workshop allocation (mod_workshop\\task\\legacy_workshop_allocation_cron)\n'),(5281379,0,'auth_mnet','auth_mnet\\task\\cron_task',0,1577064427.0971000000,1577064427.0998000000,1,0,0,'Execute scheduled task: Background processing for MNET authentication (auth_mnet\\task\\cron_task)\n... started 09:27:07. Current memory use 34.2mb.\n... used 1 dbqueries\n... used 0.0017099380493164 seconds\nScheduled task complete: Background processing for MNET authentication (auth_mnet\\task\\cron_task)\n'),(5281380,0,'repository_filesystem','repository_filesystem\\task\\cron_task',0,1577064427.5424000000,1577064427.5469000000,3,0,0,'Execute scheduled task: Background processing for file system repository (repository_filesystem\\task\\cron_task)\n... started 09:27:07. Current memory use 34.2mb.\n... used 3 dbqueries\n... used 0.0032780170440674 seconds\nScheduled task complete: Background processing for file system repository (repository_filesystem\\task\\cron_task)\n'),(5281381,0,'workshopallocation_scheduled','workshopallocation_scheduled\\task\\cron_task',0,1577064427.7211000000,1577064427.7229000000,1,0,0,'Execute scheduled task: Background processing for scheduled allocation (workshopallocation_scheduled\\task\\cron_task)\n... started 09:27:07. Current memory use 34.3mb.\n... no workshops awaiting scheduled allocation. ... used 1 dbqueries\n... used 0.00097799301147461 seconds\nScheduled task complete: Background processing for scheduled allocation (workshopallocation_scheduled\\task\\cron_task)\n'),(5281382,0,'local_cnw_smartcohort','local_cnw_smartcohort\\task\\initialize_filter',0,1577064427.8945000000,1577064427.8966000000,2,0,0,'Execute scheduled task: Initialize filters (local_cnw_smartcohort\\task\\initialize_filter)\n... started 09:27:07. Current memory use 34.5mb.\n... used 2 dbqueries\n... used 0.00098109245300293 seconds\nScheduled task complete: Initialize filters (local_cnw_smartcohort\\task\\initialize_filter)\n'),(5281383,0,'local_cnw_smartcohort','local_cnw_smartcohort\\task\\process_queue',0,1577064428.0393000000,1577064428.0408000000,1,0,0,'Execute scheduled task: Process created&edited users (local_cnw_smartcohort\\task\\process_queue)\n... started 09:27:08. Current memory use 34.5mb.\n... used 1 dbqueries\n... used 0.00053286552429199 seconds\nScheduled task complete: Process created&edited users (local_cnw_smartcohort\\task\\process_queue)\n'),(5281384,0,'mod_assign','mod_assign\\task\\cron_task',0,1577064428.2186000000,1577064428.2587000000,3,0,0,'Execute scheduled task: Background processing for assignment module (mod_assign\\task\\cron_task)\n... started 09:27:08. Current memory use 34.6mb.\n... used 3 dbqueries\n... used 0.038617134094238 seconds\nScheduled task complete: Background processing for assignment module (mod_assign\\task\\cron_task)\n');

--
-- Table structure for table `mdl_task_scheduled`
--

CREATE TABLE `mdl_task_scheduled` (
  `id` bigint(10) NOT NULL AUTO_INCREMENT,
  `component` varchar(255) COLLATE utf8_unicode_ci NOT NULL DEFAULT '',
  `classname` varchar(255) COLLATE utf8_unicode_ci NOT NULL DEFAULT '',
  `lastruntime` bigint(10) DEFAULT NULL,
  `nextruntime` bigint(10) DEFAULT NULL,
  `blocking` tinyint(2) NOT NULL DEFAULT '0',
  `minute` varchar(25) COLLATE utf8_unicode_ci NOT NULL DEFAULT '',
  `hour` varchar(25) COLLATE utf8_unicode_ci NOT NULL DEFAULT '',
  `day` varchar(25) COLLATE utf8_unicode_ci NOT NULL DEFAULT '',
  `month` varchar(25) COLLATE utf8_unicode_ci NOT NULL DEFAULT '',
  `dayofweek` varchar(25) COLLATE utf8_unicode_ci NOT NULL DEFAULT '',
  `faildelay` bigint(10) DEFAULT NULL,
  `customised` tinyint(2) NOT NULL DEFAULT '0',
  `disabled` tinyint(1) NOT NULL DEFAULT '0',
  PRIMARY KEY (`id`),
  UNIQUE KEY `mdl_tasksche_cla_uix` (`classname`)
) ENGINE=InnoDB AUTO_INCREMENT=136 DEFAULT CHARSET=utf8 COLLATE=utf8_unicode_ci COMMENT='List of scheduled tasks to be run by cron.';

--
-- Dumping data for table `mdl_task_scheduled`
--

INSERT INTO `mdl_task_scheduled` VALUES (1,'moodle','\\core\\task\\session_cleanup_task',1577064421,1577064480,0,'*','*','*','*','*',0,0,0),(2,'moodle','\\core\\task\\delete_unconfirmed_users_task',1577062802,1577066400,0,'0','*','*','*','*',0,0,0),(3,'moodle','\\core\\task\\delete_incomplete_users_task',1577063102,1577066700,0,'5','*','*','*','*',0,0,0),(4,'moodle','\\core\\task\\backup_cleanup_task',1577063402,1577067000,0,'10','*','*','*','*',0,0,0),(5,'moodle','\\core\\task\\tag_cron_task',1577042282,1577128680,0,'18','3','*','*','*',0,0,0),(6,'moodle','\\core\\task\\context_cleanup_task',1577064302,1577067900,0,'25','*','*','*','*',0,0,0),(7,'moodle','\\core\\task\\cache_cleanup_task',1577061003,1577064600,0,'30','*','*','*','*',0,0,0),(8,'moodle','\\core\\task\\messaging_cleanup_task',1577061302,1577064900,0,'35','*','*','*','*',0,0,0),(9,'moodle','\\core\\task\\send_new_user_passwords_task',1577064421,1577064480,0,'*','*','*','*','*',0,0,0),(10,'moodle','\\core\\task\\send_failed_login_notifications_task',1577064422,1577064480,0,'*','*','*','*','*',0,0,0),(11,'moodle','\\core\\task\\create_contexts_task',1577030619,1577116800,1,'0','0','*','*','*',0,0,0),(12,'moodle','\\core\\task\\legacy_plugin_cron_task',1577064422,1577064480,0,'*','*','*','*','*',0,0,0),(13,'moodle','\\core\\task\\grade_cron_task',1577064422,1577064480,0,'*','*','*','*','*',0,0,0),(15,'moodle','\\core\\task\\completion_regular_task',1577064423,1577064480,0,'*','*','*','*','*',0,0,0),(16,'moodle','\\core\\task\\completion_daily_task',1577009647,1577096040,0,'14','18','*','*','*',0,0,0),(17,'moodle','\\core\\task\\portfolio_cron_task',1577064424,1577064480,0,'*','*','*','*','*',0,0,0),(18,'moodle','\\core\\task\\plagiarism_cron_task',1577064424,1577064480,0,'*','*','*','*','*',0,0,0),(19,'moodle','\\core\\task\\calendar_cron_task',1577064422,1577064480,0,'*','*','*','*','*',0,0,0),(20,'moodle','\\core\\task\\blog_cron_task',1577064423,1577064480,0,'*','*','*','*','*',0,0,0),(21,'moodle','\\core\\task\\question_preview_cleanup_task',1577064424,1577064480,0,'*','*','*','*','*',0,0,0),(22,'moodle','\\core\\task\\registration_cron_task',1576469893,1577074680,0,'18','12','*','*','1',0,0,0),(23,'moodle','\\core\\task\\check_for_updates_task',1577059203,1577066400,0,'0','*/2','*','*','*',0,0,0),(24,'moodle','\\core\\task\\cache_cron_task',1577062202,1577065800,0,'50','*','*','*','*',0,0,0),(25,'moodle','\\core\\task\\automated_backup_task',1577062203,1577065800,0,'50','*','*','*','*',0,0,0),(26,'moodle','\\core\\task\\badges_cron_task',1577064303,1577064600,0,'*/5','*','*','*','*',0,0,0),(27,'moodle','\\core\\task\\file_temp_cleanup_task',1577055302,1577076900,0,'55','*/6','*','*','*',0,0,0),(28,'moodle','\\core\\task\\file_trash_cleanup_task',1577055306,1577076900,0,'55','*/6','*','*','*',0,0,0),(29,'moodle','\\core\\task\\search_index_task',1577062851,1577064600,0,'*/30','*','*','*','*',0,0,0),(30,'moodle','\\core\\task\\search_optimize_task',1577031302,1577074500,0,'15','*/12','*','*','*',0,0,0),(31,'moodle','\\core\\task\\stats_cron_task',1577030664,1577116800,0,'0','0','*','*','*',0,0,0),(32,'moodle','\\core\\task\\password_reset_cleanup_task',1577052001,1577073600,0,'0','*/6','*','*','*',0,0,0),(33,'moodle','\\core\\task\\complete_plans_task',1577063282,1577066880,0,'8','*','*','*','*',0,0,0),(34,'moodle','\\core\\task\\sync_plans_from_template_cohorts_task',1577063462,1577067060,0,'11','*','*','*','*',0,0,0),(35,'mod_forum','\\mod_forum\\task\\cron_task',1577064425,1577064480,0,'*','*','*','*','*',0,0,0),(36,'auth_cas','\\auth_cas\\task\\sync_task',0,1564243200,0,'0','0','*','*','*',0,0,1),(37,'auth_ldap','\\auth_ldap\\task\\sync_task',0,1564243200,0,'0','0','*','*','*',0,0,1),(38,'enrol_flatfile','\\enrol_flatfile\\task\\flatfile_sync_task',1577063703,1577067300,0,'15','*','*','*','*',0,0,0),(39,'enrol_imsenterprise','\\enrol_imsenterprise\\task\\cron_task',1577063402,1577067000,0,'10','*','*','*','*',0,0,0),(40,'enrol_lti','\\enrol_lti\\task\\sync_grades',1577062803,1577064600,0,'*/30','*','*','*','*',0,0,0),(41,'enrol_lti','\\enrol_lti\\task\\sync_members',1577062803,1577064600,0,'*/30','*','*','*','*',0,0,0),(42,'editor_atto','\\editor_atto\\task\\autosave_cleanup_task',1576768262,1577373060,0,'11','23','*','*','4',0,0,0),(43,'tool_cohortroles','\\tool_cohortroles\\task\\cohort_role_sync',1577063103,1577066700,0,'5','*','*','*','*',0,0,0),(44,'tool_langimport','\\tool_langimport\\task\\update_langpacks_task',1577045050,1577131440,0,'4','4','*','*','*',0,0,0),(45,'tool_messageinbound','\\tool_messageinbound\\task\\pickup_task',1577064426,1577064480,0,'*','*','*','*','*',0,0,0),(46,'tool_messageinbound','\\tool_messageinbound\\task\\cleanup_task',1577037302,1577123700,0,'55','1','*','*','*',0,0,0),(47,'tool_monitor','\\tool_monitor\\task\\clean_events',1577064426,1577064480,0,'*','*','*','*','*',0,0,0),(48,'tool_monitor','\\tool_monitor\\task\\check_subscriptions',1577020681,1577107080,0,'18','21','*','*','*',0,0,0),(49,'tool_recyclebin','\\tool_recyclebin\\task\\cleanup_course_bin',1577062803,1577064600,0,'*/30','*','*','*','*',0,0,0),(50,'tool_recyclebin','\\tool_recyclebin\\task\\cleanup_category_bin',1577062804,1577064600,0,'*/30','*','*','*','*',0,0,0),(52,'logstore_legacy','\\logstore_legacy\\task\\cleanup_task',0,1564175340,0,'9','5','*','*','*',0,0,0),(53,'logstore_standard','\\logstore_standard\\task\\cleanup_task',1577045161,1577131560,0,'6','4','*','*','*',0,0,0),(54,'mod_attendance','\\mod_attendance\\task\\auto_mark',0,1575608880,0,'8','*','*','*','*',0,0,0),(55,'mod_attendance','\\mod_attendance\\task\\notify',0,1575653400,0,'30','1','*','*','*',0,0,0),(56,'mod_offlinequiz','\\mod_offlinequiz\\task\\page_evaluation_task',1577064001,1577064600,0,'*/10','*','*','*','*',0,0,0),(58,'moodle','\\core_files\\task\\conversion_cleanup_task',1577038921,1577125320,0,'22','2','*','*','*',0,0,0),(59,'moodle','\\core\\oauth2\\refresh_system_tokens_task',1577061003,1577064600,0,'30','*','*','*','*',0,0,0),(60,'moodle','\\core\\task\\analytics_cleanup_task',1577061919,1577065320,0,'42','*','*','*','*',0,0,0),(61,'qtype_random','\\qtype_random\\task\\remove_unused_questions',1577063104,1577066700,0,'5','*','*','*','*',0,0,0),(63,'auth_db','\\auth_db\\task\\sync_users',0,1564236480,0,'8','22','*','*','*',0,0,1),(64,'auth_ldap','\\auth_ldap\\task\\sync_roles',0,1564243200,0,'0','0','*','*','*',0,0,1),(65,'enrol_category','\\enrol_category\\task\\enrol_category_sync',1577064423,1577064480,0,'*','*','*','*','*',0,0,0),(66,'enrol_cohort','\\enrol_cohort\\task\\enrol_cohort_sync',1575854407,1577105403,0,'20','*','*','*','*',86400,0,0),(67,'enrol_ldap','\\enrol_ldap\\task\\sync_enrolments',0,1564211640,0,'14','15','*','*','*',0,0,1),(68,'enrol_manual','\\enrol_manual\\task\\sync_enrolments',1577064001,1577064600,0,'*/10','*','*','*','*',0,0,0),(69,'enrol_manual','\\enrol_manual\\task\\send_expiry_notifications',1577064001,1577064600,0,'*/10','*','*','*','*',0,0,0),(70,'enrol_meta','\\enrol_meta\\task\\enrol_meta_sync',1577063224,1577066820,0,'7','*','*','*','*',0,0,0),(71,'enrol_paypal','\\enrol_paypal\\task\\process_expirations',1577064423,1577064480,0,'*','*','*','*','*',0,0,0),(72,'enrol_self','\\enrol_self\\task\\sync_enrolments',1577064002,1577064600,0,'*/10','*','*','*','*',0,0,0),(73,'enrol_self','\\enrol_self\\task\\send_expiry_notifications',1577064002,1577064600,0,'*/10','*','*','*','*',0,0,0),(74,'block_recent_activity','\\block_recent_activity\\task\\cleanup',1577020681,1577107080,0,'18','21','*','*','*',0,0,0),(75,'block_rss_client','\\block_rss_client\\task\\refreshfeeds',1577064303,1577064600,0,'*/5','*','*','*','*',0,0,0),(76,'repository_onedrive','\\repository_onedrive\\remove_temp_access_task',0,1564370040,0,'14','11','*','*','1',0,0,0),(77,'tool_analytics','\\tool_analytics\\task\\train_models',1577016002,1577102400,0,'0','20','*','*','*',0,0,0),(78,'tool_analytics','\\tool_analytics\\task\\predict_models',1576980180,1577066400,0,'0','10','*','*','*',0,0,0),(79,'tool_dataprivacy','\\tool_dataprivacy\\task\\expired_retention_period',1577019601,1577106000,0,'0','21','*','*','*',0,0,0),(80,'tool_dataprivacy','\\tool_dataprivacy\\task\\delete_expired_contexts',1577019601,1577106000,0,'0','21','*','*','*',0,0,0),(81,'tool_dataprivacy','\\tool_dataprivacy\\task\\delete_expired_requests',1576980422,1577066820,0,'7','10','*','*','*',0,0,0),(82,'tool_dataprivacy','\\tool_dataprivacy\\task\\delete_existing_deleted_users',0,1564239660,0,'1','23','*','*','*',0,0,1),(83,'ltiservice_gradebookservices','\\ltiservice_gradebookservices\\task\\cleanup_task',1577034302,1577120700,0,'5','1','*','*','*',0,0,0),(86,'format_socialwall','\\format_socialwall\\task\\send_timeline_instant',1577064425,1577064480,0,'*','*','*','*','*',0,0,0),(87,'format_socialwall','\\format_socialwall\\task\\send_timeline_digests',1577031301,1577117700,0,'15','0','*','*','*',0,0,0),(88,'mod_hvp','\\mod_hvp\\task\\look_for_updates',0,1575640920,0,'2','22','*','*','*',0,0,0),(89,'mod_hvp','\\mod_hvp\\task\\remove_tmpfiles',0,1575630660,0,'11','19','*','*','*',0,0,0),(90,'mod_hvp','\\mod_hvp\\task\\remove_old_log_entries',0,1575660060,0,'21','3','*','*','*',0,0,0),(91,'mod_customcert','\\mod_customcert\\task\\email_certificate_task',1575561784,1575561840,0,'*','*','*','*','*',0,0,0),(101,'mod_hvp','\\mod_hvp\\task\\remove_old_auth_tokens',0,1575609240,0,'14','*','*','*','*',0,0,0),(104,'local_kopere_dashboard','\\local_kopere_dashboard\\task\\task_tmp',1577030620,1577116800,0,'0','0','*','*','*',0,0,0),(108,'moodle','\\core\\task\\grade_history_cleanup_task',1577033945,1577116800,0,'*','0','*','*','*',0,0,0),(109,'moodle','\\core\\task\\question_stats_cleanup_task',1577064425,1577064480,0,'*','*','*','*','*',0,0,0),(110,'moodle','\\core\\task\\badges_message_task',1577064303,1577064600,0,'*/5','*','*','*','*',0,0,0),(111,'moodle','\\core\\task\\task_log_cleanup_task',1577020028,1577106420,0,'7','21','*','*','*',0,0,0),(113,'mod_chat','\\mod_chat\\task\\cron_task',1577064304,1577064600,0,'*/5','*','*','*','*',0,0,0),(114,'mod_lti','\\mod_lti\\task\\clean_access_tokens',1577020861,1577107260,0,'21','21','*','*','*',0,0,0),(115,'mod_quiz','\\mod_quiz\\task\\update_overdue_attempts',1577064425,1577064480,0,'*','*','*','*','*',0,0,0),(116,'mod_quiz','\\mod_quiz\\task\\legacy_quiz_reports_cron',1577064426,1577064480,0,'*','*','*','*','*',0,0,0),(117,'mod_quiz','\\mod_quiz\\task\\legacy_quiz_accessrules_cron',1577064426,1577064480,0,'*','*','*','*','*',0,0,0),(118,'mod_workshop','\\mod_workshop\\task\\cron_task',1577064426,1577064480,0,'*','*','*','*','*',0,0,0),(119,'mod_workshop','\\mod_workshop\\task\\legacy_workshop_allocation_cron',1577064427,1577064480,0,'*','*','*','*','*',0,0,0),(120,'auth_mnet','\\auth_mnet\\task\\cron_task',1577064427,1577064480,0,'*','*','*','*','*',0,0,0),(121,'enrol_database','\\enrol_database\\task\\sync_enrolments',0,1564203900,0,'5','13','*','*','*',0,0,1),(122,'message_email','\\message_email\\task\\send_email_task',1572184802,1572271200,0,'0','22','*','*','*',0,0,0),(123,'repository_dropbox','\\repository_dropbox\\task\\cron_task',0,1564168980,0,'*','*','*','*','*',0,0,0),(124,'repository_filesystem','\\repository_filesystem\\task\\cron_task',1577064427,1577064480,0,'*','*','*','*','*',0,0,0),(125,'quiz_statistics','\\quiz_statistics\\task\\quiz_statistics_cleanup',1577049782,1577067780,0,'23','*/5','*','*','*',0,0,0),(126,'workshopallocation_scheduled','\\workshopallocation_scheduled\\task\\cron_task',1577064427,1577064480,0,'*','*','*','*','*',0,0,0),(127,'block_enrolmenttimer','\\block_enrolmenttimer\\task\\enrolmenttimer_task',1577030402,1577635200,0,'0','24','*','*','1',0,0,0),(128,'local_cnw_smartcohort','\\local_cnw_smartcohort\\task\\initialize_filter',1577064427,1577064480,0,'*','*','*','*','*',0,0,0),(129,'local_cnw_smartcohort','\\local_cnw_smartcohort\\task\\process_queue',1577064428,1577064480,0,'*','*','*','*','*',0,0,0),(130,'mod_offlinequiz','\\mod_offlinequiz\\task\\hotspot_deletion_task',1577045822,1577132220,0,'17','4','*','*','*',0,0,0),(131,'mod_offlinequiz','\\mod_offlinequiz\\task\\temporary_file_deletion_task',1577046121,1577132520,0,'22','4','*','*','*',0,0,0),(132,'mod_attendance','\\mod_attendance\\task\\clear_temporary_passwords',0,1575651600,0,'0','1','*','*','*',0,0,0),(134,'mod_assign','\\mod_assign\\task\\cron_task',1577064428,1577064480,0,'*','*','*','*','*',0,0,0);

--
-- Table structure for table `mdl_tool_cohortroles`
--

CREATE TABLE `mdl_tool_cohortroles` (
  `id` bigint(10) NOT NULL AUTO_INCREMENT,
  `cohortid` bigint(10) NOT NULL,
  `roleid` bigint(10) NOT NULL,
  `userid` bigint(10) NOT NULL,
  `timecreated` bigint(10) NOT NULL,
  `timemodified` bigint(10) NOT NULL,
  `usermodified` bigint(10) DEFAULT NULL,
  PRIMARY KEY (`id`),
  UNIQUE KEY `mdl_toolcoho_cohroluse_uix` (`cohortid`,`roleid`,`userid`)
) ENGINE=InnoDB DEFAULT CHARSET=utf8 COLLATE=utf8_unicode_ci COMMENT='Mapping of users to cohort role assignments.';

--
-- Dumping data for table `mdl_tool_cohortroles`
--


--
-- Table structure for table `mdl_tool_customlang`
--

CREATE TABLE `mdl_tool_customlang` (
  `id` bigint(10) NOT NULL AUTO_INCREMENT,
  `lang` varchar(20) COLLATE utf8_unicode_ci NOT NULL DEFAULT '',
  `componentid` bigint(10) NOT NULL,
  `stringid` varchar(255) COLLATE utf8_unicode_ci NOT NULL DEFAULT '',
  `original` longtext COLLATE utf8_unicode_ci NOT NULL,
  `master` longtext COLLATE utf8_unicode_ci,
  `local` longtext COLLATE utf8_unicode_ci,
  `timemodified` bigint(10) NOT NULL,
  `timecustomized` bigint(10) DEFAULT NULL,
  `outdated` smallint(3) DEFAULT '0',
  `modified` smallint(3) DEFAULT '0',
  PRIMARY KEY (`id`),
  UNIQUE KEY `mdl_toolcust_lancomstr_uix` (`lang`,`componentid`,`stringid`),
  KEY `mdl_toolcust_com_ix` (`componentid`)
) ENGINE=InnoDB AUTO_INCREMENT=23073 DEFAULT CHARSET=utf8 COLLATE=utf8_unicode_ci COMMENT='Contains the working checkout of all strings and their custo';

--
-- Dumping data for table `mdl_tool_customlang`
--






--
-- Table structure for table `mdl_tool_customlang_components`
--

CREATE TABLE `mdl_tool_customlang_components` (
  `id` bigint(10) NOT NULL AUTO_INCREMENT,
  `name` varchar(255) COLLATE utf8_unicode_ci NOT NULL DEFAULT '',
  `version` varchar(255) COLLATE utf8_unicode_ci DEFAULT NULL,
  PRIMARY KEY (`id`)
) ENGINE=InnoDB AUTO_INCREMENT=452 DEFAULT CHARSET=utf8 COLLATE=utf8_unicode_ci COMMENT='Contains the list of all installed plugins that provide thei';

--
-- Dumping data for table `mdl_tool_customlang_components`
--

INSERT INTO `mdl_tool_customlang_components` VALUES (1,'core','2016120503.05'),(2,'core_access','2016120503.05'),(3,'core_admin','2016120503.05'),(4,'core_antivirus','2016120503.05'),(5,'core_auth','2016120503.05'),(6,'core_availability','2016120503.05'),(7,'core_backup','2016120503.05'),(8,'core_badges','2016120503.05'),(9,'core_block','2016120503.05'),(10,'core_blog','2016120503.05'),(11,'core_bulkusers','2016120503.05'),(12,'core_cache','2016120503.05'),(13,'core_calendar','2016120503.05'),(14,'core_cohort','2016120503.05'),(15,'core_comment','2016120503.05'),(16,'core_competency','2016120503.05'),(17,'core_completion','2016120503.05'),(18,'core_countries','2016120503.05'),(19,'core_course','2016120503.05'),(20,'core_currencies','2016120503.05'),(21,'core_dbtransfer','2016120503.05'),(22,'core_debug','2016120503.05'),(23,'core_editor','2016120503.05'),(24,'core_edufields','2016120503.05'),(25,'core_enrol','2016120503.05'),(26,'core_error','2016120503.05'),(27,'core_filepicker','2016120503.05'),(28,'core_files','2016120503.05'),(29,'core_filters','2016120503.05'),(30,'core_form','2016120503.05'),(31,'core_grades','2016120503.05'),(32,'core_grading','2016120503.05'),(33,'core_group','2016120503.05'),(34,'core_help','2016120503.05'),(35,'core_hub','2016120503.05'),(36,'core_imscc','2016120503.05'),(37,'core_install','2016120503.05'),(38,'core_iso6392','2016120503.05'),(39,'core_langconfig','2016120503.05'),(40,'core_license','2016120503.05'),(41,'core_mathslib','2016120503.05'),(42,'core_media','2016120503.05'),(43,'core_message','2016120503.05'),(44,'core_mimetypes','2016120503.05'),(45,'core_mnet','2016120503.05'),(46,'core_my','2016120503.05'),(47,'core_notes','2016120503.05'),(48,'core_pagetype','2016120503.05'),(49,'core_pix','2016120503.05'),(50,'core_plagiarism','2016120503.05'),(51,'core_plugin','2016120503.05'),(52,'core_portfolio','2016120503.05'),(53,'core_publish','2016120503.05'),(54,'core_question','2016120503.05'),(55,'core_rating','2016120503.05'),(56,'core_register','2016120503.05'),(57,'core_repository','2016120503.05'),(58,'core_role','2016120503.05'),(59,'core_rss','2016120503.05'),(60,'core_search','2016120503.05'),(61,'core_table','2016120503.05'),(62,'core_tag','2016120503.05'),(63,'core_timezones','2016120503.05'),(64,'core_user','2016120503.05'),(65,'core_userkey','2016120503.05'),(66,'core_webservice','2016120503.05'),(67,'antivirus_clamav','2016120500'),(68,'availability_completion','2016120500'),(69,'availability_date','2016120500'),(70,'availability_grade','2016120500'),(71,'availability_group','2016120500'),(72,'availability_grouping','2016120500'),(73,'availability_profile','2016120500'),(74,'qtype_calculated','2016120500'),(75,'qtype_calculatedmulti','2016120500'),(76,'qtype_calculatedsimple','2016120500'),(77,'qtype_ddimageortext','2016120500'),(78,'qtype_ddmarker','2016120500'),(79,'qtype_ddwtos','2016120500'),(80,'qtype_description','2016120500'),(81,'qtype_essay','2016120500'),(82,'qtype_gapselect','2016120500'),(83,'qtype_match','2016120500'),(84,'qtype_missingtype','2016120500'),(85,'qtype_multianswer','2016120500'),(86,'qtype_multichoice','2016120500'),(87,'qtype_numerical','2016120500'),(88,'qtype_random','2016120500'),(89,'qtype_randomsamatch','2016120500'),(90,'qtype_shortanswer','2016120500'),(91,'qtype_truefalse','2016120500'),(92,'mod_assign','2016120500'),(93,'mod_assignment','2016120500'),(94,'mod_book','2016120500'),(95,'mod_chat','2016120500'),(96,'mod_choice','2016120500'),(97,'mod_data','2016120500'),(98,'mod_feedback','2016120501'),(99,'mod_folder','2016120500'),(100,'mod_forum','2016120500'),(101,'mod_glossary','2016120500'),(102,'mod_imscp','2016120500'),(103,'mod_label','2016120500'),(104,'mod_lesson','2016120500'),(105,'mod_lti','2016120500'),(106,'mod_page','2016120500'),(107,'mod_quiz','2016120500'),(108,'mod_resource','2016120500'),(109,'mod_scorm','2016120501'),(110,'mod_survey','2016120500'),(111,'mod_url','2016120500'),(112,'mod_wiki','2016120500'),(113,'mod_workshop','2016120500'),(114,'auth_cas','2016120500'),(115,'auth_db','2016120500'),(116,'auth_email','2016120500'),(117,'auth_fc','2016120500'),(118,'auth_imap','2016120500'),(119,'auth_ldap','2016120500'),(120,'auth_lti','2016120500'),(121,'auth_manual','2016120500'),(122,'auth_mnet','2016120500'),(123,'auth_nntp','2016120500'),(124,'auth_nologin','2016120500'),(125,'auth_none','2016120500'),(126,'auth_pam','2016120500'),(127,'auth_pop3','2016120500'),(128,'auth_shibboleth','2016120500'),(129,'auth_webservice','2016120500'),(130,'calendartype_gregorian','2016120500'),(131,'enrol_category','2016120500'),(132,'enrol_cohort','2016120500'),(133,'enrol_database','2016120500'),(134,'enrol_flatfile','2016120500'),(135,'enrol_guest','2016120500'),(136,'enrol_imsenterprise','2016120500'),(137,'enrol_ldap','2016120500'),(138,'enrol_lti','2016120501'),(139,'enrol_manual','2016120500'),(140,'enrol_meta','2016120500'),(141,'enrol_mnet','2016120500'),(142,'enrol_paypal','2016120500'),(143,'enrol_self','2016120500'),(144,'message_airnotifier','2016120500'),(145,'message_email','2016120500'),(146,'message_jabber','2016120500'),(147,'message_popup','2016122100'),(148,'block_activity_modules','2016120500'),(149,'block_activity_results','2016120500'),(150,'block_admin_bookmarks','2016120500'),(151,'block_badges','2016120500'),(152,'block_blog_menu','2016120500'),(153,'block_blog_recent','2016120500'),(154,'block_blog_tags','2016120500'),(155,'block_calendar_month','2016120500'),(156,'block_calendar_upcoming','2016120500'),(157,'block_comments','2016120500'),(158,'block_community','2016120500'),(159,'block_completionstatus','2016120500'),(160,'block_course_list','2016120500'),(161,'block_course_overview','2016120500'),(162,'block_course_summary','2016120500'),(163,'block_feedback','2016120500'),(164,'block_globalsearch','2016120500'),(165,'block_glossary_random','2016120500'),(166,'block_html','2016120500'),(167,'block_login','2016120500'),(168,'block_lp','2016120500'),(169,'block_mentees','2016120500'),(170,'block_messages','2016120500'),(171,'block_mnet_hosts','2016120500'),(172,'block_myprofile','2016120500'),(173,'block_navigation','2016120500'),(174,'block_news_items','2016120500'),(175,'block_online_users','2016120500'),(176,'block_participants','2016120500'),(177,'block_private_files','2016120500'),(178,'block_quiz_results','2016120500'),(179,'block_recent_activity','2016120500'),(180,'block_rss_client','2016120500'),(181,'block_search_forums','2016120500'),(182,'block_section_links','2016120500'),(183,'block_selfcompletion','2016120500'),(184,'block_settings','2016120500'),(185,'block_site_main_menu','2016120500'),(186,'block_social_activities','2016120500'),(187,'block_tag_flickr','2016120500'),(188,'block_tag_youtube','2016120500'),(189,'block_tags','2016120500'),(190,'media_html5audio','2016120500'),(191,'media_html5video','2016120500'),(192,'media_swf','2016120500'),(193,'media_videojs','2016120500'),(194,'media_vimeo','2016120500'),(195,'media_youtube','2016120500'),(196,'filter_activitynames','2016120500'),(197,'filter_algebra','2016120500'),(198,'filter_censor','2016120500'),(199,'filter_data','2016120500'),(200,'filter_emailprotect','2016120500'),(201,'filter_emoticon','2016120500'),(202,'filter_glossary','2016120500'),(203,'filter_mathjaxloader','2016120502'),(204,'filter_mediaplugin','2016120500'),(205,'filter_multilang','2016120500'),(206,'filter_tex','2016120500'),(207,'filter_tidy','2016120500'),(208,'filter_urltolink','2016120500'),(209,'editor_atto','2016120500'),(210,'editor_textarea','2016120500'),(211,'editor_tinymce','2016120500'),(212,'format_singleactivity','2016120500'),(213,'format_social','2016120500'),(214,'format_topics','2016120500'),(215,'format_weeks','2016120500'),(216,'dataformat_csv','2016120500'),(217,'dataformat_excel','2016120500'),(218,'dataformat_html','2016120500'),(219,'dataformat_json','2016120500'),(220,'dataformat_ods','2016120500'),(221,'profilefield_checkbox','2016120500'),(222,'profilefield_datetime','2016120500'),(223,'profilefield_menu','2016120500'),(224,'profilefield_text','2016120500'),(225,'profilefield_textarea','2016120500'),(226,'report_backups','2016120500'),(227,'report_competency','2016120500'),(228,'report_completion','2016120500'),(229,'report_configlog','2016120500'),(230,'report_courseoverview','2016120500'),(231,'report_eventlist','2016120500'),(232,'report_log','2016120500'),(233,'report_loglive','2016120500'),(234,'report_outline','2016120500'),(235,'report_participation','2016120500'),(236,'report_performance','2016120500'),(237,'report_progress','2016120500'),(238,'report_questioninstances','2016120500'),(239,'report_security','2016120500'),(240,'report_stats','2016120500'),(241,'report_usersessions','2016120500'),(242,'gradeexport_ods','2016120500'),(243,'gradeexport_txt','2016120500'),(244,'gradeexport_xls','2016120500'),(245,'gradeexport_xml','2016120500'),(246,'gradeimport_csv','2016120500'),(247,'gradeimport_direct','2016120500'),(248,'gradeimport_xml','2016120500'),(249,'gradereport_grader','2016120500'),(250,'gradereport_history','2016120500'),(251,'gradereport_outcomes','2016120500'),(252,'gradereport_overview','2016120500'),(253,'gradereport_singleview','2016120500'),(254,'gradereport_user','2016120500'),(255,'gradingform_guide','2016120500'),(256,'gradingform_rubric','2016120500'),(257,'mnetservice_enrol','2016120500'),(258,'webservice_rest','2016120500'),(259,'webservice_soap','2016120500'),(260,'webservice_xmlrpc','2016120500'),(261,'repository_areafiles','2016120500'),(262,'repository_boxnet','2016120500'),(263,'repository_coursefiles','2016120500'),(264,'repository_dropbox','2016120500'),(265,'repository_equella','2016120500'),(266,'repository_filesystem','2016120500'),(267,'repository_flickr','2016120500'),(268,'repository_flickr_public','2016120500'),(269,'repository_googledocs','2016120500'),(270,'repository_local','2016120500'),(271,'repository_merlot','2016120500'),(272,'repository_picasa','2016120500'),(273,'repository_recent','2016120500'),(274,'repository_s3','2016120500'),(275,'repository_skydrive','2016120500'),(276,'repository_upload','2016120500'),(277,'repository_url','2016120500'),(278,'repository_user','2016120500'),(279,'repository_webdav','2016120500'),(280,'repository_wikimedia','2016120500'),(281,'repository_youtube','2016120500'),(282,'portfolio_boxnet','2016120500'),(283,'portfolio_download','2016120500'),(284,'portfolio_flickr','2016120500'),(285,'portfolio_googledocs','2016120500'),(286,'portfolio_mahara','2016120500'),(287,'portfolio_picasa','2016120500'),(288,'search_solr','2016120500'),(289,'qbehaviour_adaptive','2016120500'),(290,'qbehaviour_adaptivenopenalty','2016120500'),(291,'qbehaviour_deferredcbm','2016120500'),(292,'qbehaviour_deferredfeedback','2016120500'),(293,'qbehaviour_immediatecbm','2016120500'),(294,'qbehaviour_immediatefeedback','2016120500'),(295,'qbehaviour_informationitem','2016120500'),(296,'qbehaviour_interactive','2016120500'),(297,'qbehaviour_interactivecountback','2016120500'),(298,'qbehaviour_manualgraded','2016120500'),(299,'qbehaviour_missing','2016120500'),(300,'qformat_aiken','2016120500'),(301,'qformat_blackboard_six','2016120500'),(302,'qformat_examview','2016120500'),(303,'qformat_gift','2016120500'),(304,'qformat_missingword','2016120500'),(305,'qformat_multianswer','2016120500'),(306,'qformat_webct','2016120500'),(307,'qformat_xhtml','2016120500'),(308,'qformat_xml','2016120500'),(309,'tool_assignmentupgrade','2016120500'),(310,'tool_availabilityconditions','2016120500'),(311,'tool_behat','2016120500'),(312,'tool_capability','2016120500'),(313,'tool_cohortroles','2016120500'),(314,'tool_customlang','2016120500'),(315,'tool_dbtransfer','2016120500'),(316,'tool_filetypes','2016120500'),(317,'tool_generator','2016120500'),(318,'tool_health','2016120500'),(319,'tool_innodb','2016120500'),(320,'tool_installaddon','2016120500'),(321,'tool_langimport','2016120500'),(322,'tool_log','2016120500'),(323,'tool_lp','2016120500'),(324,'tool_lpimportcsv','2016120500'),(325,'tool_lpmigrate','2016120500'),(326,'tool_messageinbound','2016120500'),(327,'tool_mobile','2016120500'),(328,'tool_monitor','2016120501'),(329,'tool_multilangupgrade','2016120500'),(330,'tool_phpunit','2016120500'),(331,'tool_profiling','2016120500'),(332,'tool_recyclebin','2016120500'),(333,'tool_replace','2016120500'),(334,'tool_spamcleaner','2016120500'),(335,'tool_task','2016120500'),(336,'tool_templatelibrary','2016120500'),(337,'tool_unsuproles','2016120500'),(338,'tool_uploadcourse','2016120500'),(339,'tool_uploaduser','2016120500'),(340,'tool_usertours','2016120501'),(341,'tool_xmldb','2016120500'),(342,'cachestore_apcu','2016120500'),(343,'cachestore_file','2016120500'),(344,'cachestore_memcache','2016120500'),(345,'cachestore_memcached','2016120500'),(346,'cachestore_mongodb','2016120500'),(347,'cachestore_redis','2016120500'),(348,'cachestore_session','2016120500'),(349,'cachestore_static','2016120500'),(350,'cachelock_file','2016120500'),(351,'theme_boost','2016120500'),(352,'theme_bootstrapbase','2016120500'),(353,'theme_clean','2016120500'),(354,'theme_more','2016120500'),(355,'assignsubmission_comments','2016120500'),(356,'assignsubmission_file','2017032000'),(357,'assignsubmission_onlinetext','2016120500'),(358,'assignfeedback_comments','2016120500'),(359,'assignfeedback_editpdf','2016120501'),(360,'assignfeedback_file','2016120500'),(361,'assignfeedback_offline','2016120500'),(362,'assignment_offline','2016120500'),(363,'assignment_online','2016120500'),(364,'assignment_upload','2016120500'),(365,'assignment_uploadsingle','2016120500'),(366,'booktool_exportimscp','2016120500'),(367,'booktool_importhtml','2016120500'),(368,'booktool_print','2016120500'),(369,'datafield_checkbox','2016120500'),(370,'datafield_date','2016120500'),(371,'datafield_file','2016120500'),(372,'datafield_latlong','2016120500'),(373,'datafield_menu','2016120500'),(374,'datafield_multimenu','2016120500'),(375,'datafield_number','2016120500'),(376,'datafield_picture','2016120500'),(377,'datafield_radiobutton','2016120500'),(378,'datafield_text','2016120500'),(379,'datafield_textarea','2016120500'),(380,'datafield_url','2016120500'),(381,'datapreset_imagegallery','2016120500'),(382,'ltiservice_memberships','2016120500'),(383,'ltiservice_profile','2016120500'),(384,'ltiservice_toolproxy','2016120500'),(385,'ltiservice_toolsettings','2016120500'),(386,'quiz_grading','2016120500'),(387,'quiz_overview','2016120500'),(388,'quiz_responses','2016120500'),(389,'quiz_statistics','2016120500'),(390,'quizaccess_delaybetweenattempts','2016120500'),(391,'quizaccess_ipaddress','2016120500'),(392,'quizaccess_numattempts','2016120500'),(393,'quizaccess_offlineattempts','2016120500'),(394,'quizaccess_openclosedate','2016120500'),(395,'quizaccess_password','2016120500'),(396,'quizaccess_safebrowser','2016120500'),(397,'quizaccess_securewindow','2016120500'),(398,'quizaccess_timelimit','2016120500'),(399,'scormreport_basic','2016120500'),(400,'scormreport_graphs','2016120500'),(401,'scormreport_interactions','2016120500'),(402,'scormreport_objectives','2016120500'),(403,'workshopform_accumulative','2016120500'),(404,'workshopform_comments','2016120500'),(405,'workshopform_numerrors','2016120500'),(406,'workshopform_rubric','2016120500'),(407,'workshopallocation_manual','2016120500'),(408,'workshopallocation_random','2016120500'),(409,'workshopallocation_scheduled','2016120500'),(410,'workshopeval_best','2016120500'),(411,'atto_accessibilitychecker','2016120500'),(412,'atto_accessibilityhelper','2016120500'),(413,'atto_align','2016120500'),(414,'atto_backcolor','2016120500'),(415,'atto_bold','2016120500'),(416,'atto_charmap','2016120500'),(417,'atto_clear','2016120500'),(418,'atto_collapse','2016120500'),(419,'atto_emoticon','2016120500'),(420,'atto_equation','2016120500'),(421,'atto_fontcolor','2016120500'),(422,'atto_html','2016120500'),(423,'atto_image','2016120500'),(424,'atto_indent','2016120500'),(425,'atto_italic','2016120500'),(426,'atto_link','2016120500'),(427,'atto_managefiles','2016120500'),(428,'atto_media','2016120500'),(429,'atto_noautolink','2016120500'),(430,'atto_orderedlist','2016120500'),(431,'atto_rtl','2016120500'),(432,'atto_strike','2016120500'),(433,'atto_subscript','2016120500'),(434,'atto_superscript','2016120500'),(435,'atto_table','2016120500'),(436,'atto_title','2016120500'),(437,'atto_underline','2016120500'),(438,'atto_undo','2016120500'),(439,'atto_unorderedlist','2016120500'),(440,'tinymce_ctrlhelp','2016120500'),(441,'tinymce_managefiles','2016120500'),(442,'tinymce_moodleemoticon','2016120500'),(443,'tinymce_moodleimage','2016120500'),(444,'tinymce_moodlemedia','2016120500'),(445,'tinymce_moodlenolink','2016120500'),(446,'tinymce_pdw','2016120500'),(447,'tinymce_spellchecker','2016120500'),(448,'tinymce_wrap','2016120500'),(449,'logstore_database','2016120500'),(450,'logstore_legacy','2016120500'),(451,'logstore_standard','2016120500');

--
-- Table structure for table `mdl_tool_dataprivacy_category`
--

CREATE TABLE `mdl_tool_dataprivacy_category` (
  `id` bigint(10) NOT NULL AUTO_INCREMENT,
  `name` varchar(100) COLLATE utf8_unicode_ci NOT NULL DEFAULT '',
  `description` longtext COLLATE utf8_unicode_ci,
  `descriptionformat` tinyint(1) DEFAULT NULL,
  `usermodified` bigint(10) NOT NULL,
  `timecreated` bigint(10) NOT NULL,
  `timemodified` bigint(10) NOT NULL,
  PRIMARY KEY (`id`)
) ENGINE=InnoDB DEFAULT CHARSET=utf8 COLLATE=utf8_unicode_ci COMMENT='Data categories';

--
-- Dumping data for table `mdl_tool_dataprivacy_category`
--


--
-- Table structure for table `mdl_tool_dataprivacy_ctxexpired`
--

CREATE TABLE `mdl_tool_dataprivacy_ctxexpired` (
  `id` bigint(10) NOT NULL AUTO_INCREMENT,
  `contextid` bigint(10) NOT NULL,
  `unexpiredroles` longtext COLLATE utf8_unicode_ci,
  `expiredroles` longtext COLLATE utf8_unicode_ci,
  `defaultexpired` tinyint(1) NOT NULL,
  `status` tinyint(2) NOT NULL DEFAULT '0',
  `usermodified` bigint(10) NOT NULL,
  `timecreated` bigint(10) NOT NULL,
  `timemodified` bigint(10) NOT NULL,
  PRIMARY KEY (`id`),
  UNIQUE KEY `mdl_tooldatactxe_con_uix` (`contextid`)
) ENGINE=InnoDB DEFAULT CHARSET=utf8 COLLATE=utf8_unicode_ci COMMENT='Default comment for the table, please edit me';

--
-- Dumping data for table `mdl_tool_dataprivacy_ctxexpired`
--


--
-- Table structure for table `mdl_tool_dataprivacy_ctxinstance`
--

CREATE TABLE `mdl_tool_dataprivacy_ctxinstance` (
  `id` bigint(10) NOT NULL AUTO_INCREMENT,
  `contextid` bigint(10) NOT NULL,
  `purposeid` bigint(10) DEFAULT NULL,
  `categoryid` bigint(10) DEFAULT NULL,
  `usermodified` bigint(10) NOT NULL,
  `timecreated` bigint(10) NOT NULL,
  `timemodified` bigint(10) NOT NULL,
  PRIMARY KEY (`id`),
  UNIQUE KEY `mdl_tooldatactxi_con_uix` (`contextid`),
  KEY `mdl_tooldatactxi_pur_ix` (`purposeid`),
  KEY `mdl_tooldatactxi_cat_ix` (`categoryid`)
) ENGINE=InnoDB DEFAULT CHARSET=utf8 COLLATE=utf8_unicode_ci COMMENT='Default comment for the table, please edit me';

--
-- Dumping data for table `mdl_tool_dataprivacy_ctxinstance`
--


--
-- Table structure for table `mdl_tool_dataprivacy_ctxlevel`
--

CREATE TABLE `mdl_tool_dataprivacy_ctxlevel` (
  `id` bigint(10) NOT NULL AUTO_INCREMENT,
  `contextlevel` smallint(3) NOT NULL,
  `purposeid` bigint(10) DEFAULT NULL,
  `categoryid` bigint(10) DEFAULT NULL,
  `usermodified` bigint(10) NOT NULL,
  `timecreated` bigint(10) NOT NULL,
  `timemodified` bigint(10) NOT NULL,
  PRIMARY KEY (`id`),
  UNIQUE KEY `mdl_tooldatactxl_con_uix` (`contextlevel`),
  KEY `mdl_tooldatactxl_cat_ix` (`categoryid`),
  KEY `mdl_tooldatactxl_pur_ix` (`purposeid`)
) ENGINE=InnoDB DEFAULT CHARSET=utf8 COLLATE=utf8_unicode_ci COMMENT='Default comment for the table, please edit me';

--
-- Dumping data for table `mdl_tool_dataprivacy_ctxlevel`
--


--
-- Table structure for table `mdl_tool_dataprivacy_purpose`
--

CREATE TABLE `mdl_tool_dataprivacy_purpose` (
  `id` bigint(10) NOT NULL AUTO_INCREMENT,
  `name` varchar(100) COLLATE utf8_unicode_ci NOT NULL DEFAULT '',
  `description` longtext COLLATE utf8_unicode_ci,
  `descriptionformat` tinyint(1) DEFAULT NULL,
  `lawfulbases` longtext COLLATE utf8_unicode_ci NOT NULL,
  `sensitivedatareasons` longtext COLLATE utf8_unicode_ci,
  `retentionperiod` varchar(255) COLLATE utf8_unicode_ci NOT NULL DEFAULT '',
  `protected` tinyint(1) DEFAULT NULL,
  `usermodified` bigint(10) NOT NULL,
  `timecreated` bigint(10) NOT NULL,
  `timemodified` bigint(10) NOT NULL,
  PRIMARY KEY (`id`)
) ENGINE=InnoDB DEFAULT CHARSET=utf8 COLLATE=utf8_unicode_ci COMMENT='Data purposes';

--
-- Dumping data for table `mdl_tool_dataprivacy_purpose`
--


--
-- Table structure for table `mdl_tool_dataprivacy_purposerole`
--

CREATE TABLE `mdl_tool_dataprivacy_purposerole` (
  `id` bigint(10) NOT NULL AUTO_INCREMENT,
  `purposeid` bigint(10) NOT NULL,
  `roleid` bigint(10) NOT NULL,
  `lawfulbases` longtext COLLATE utf8_unicode_ci,
  `sensitivedatareasons` longtext COLLATE utf8_unicode_ci,
  `retentionperiod` varchar(255) COLLATE utf8_unicode_ci NOT NULL DEFAULT '',
  `protected` tinyint(1) DEFAULT NULL,
  `usermodified` bigint(10) NOT NULL,
  `timecreated` bigint(10) NOT NULL,
  `timemodified` bigint(10) NOT NULL,
  PRIMARY KEY (`id`),
  UNIQUE KEY `mdl_tooldatapurp_purrol_uix` (`purposeid`,`roleid`),
  KEY `mdl_tooldatapurp_pur_ix` (`purposeid`),
  KEY `mdl_tooldatapurp_rol_ix` (`roleid`)
) ENGINE=InnoDB DEFAULT CHARSET=utf8 COLLATE=utf8_unicode_ci COMMENT='Data purpose overrides for a specific role';

--
-- Dumping data for table `mdl_tool_dataprivacy_purposerole`
--


--
-- Table structure for table `mdl_tool_dataprivacy_request`
--

CREATE TABLE `mdl_tool_dataprivacy_request` (
  `id` bigint(10) NOT NULL AUTO_INCREMENT,
  `type` bigint(10) NOT NULL DEFAULT '0',
  `comments` longtext COLLATE utf8_unicode_ci,
  `commentsformat` tinyint(2) NOT NULL DEFAULT '0',
  `userid` bigint(10) NOT NULL DEFAULT '0',
  `requestedby` bigint(10) NOT NULL DEFAULT '0',
  `status` tinyint(2) NOT NULL DEFAULT '0',
  `dpo` bigint(10) DEFAULT '0',
  `dpocomment` longtext COLLATE utf8_unicode_ci,
  `dpocommentformat` tinyint(2) NOT NULL DEFAULT '0',
  `usermodified` bigint(10) NOT NULL DEFAULT '0',
  `timecreated` bigint(10) NOT NULL DEFAULT '0',
  `timemodified` bigint(10) NOT NULL DEFAULT '0',
  `creationmethod` bigint(10) NOT NULL DEFAULT '0',
  PRIMARY KEY (`id`),
  KEY `mdl_tooldatarequ_use_ix` (`userid`),
  KEY `mdl_tooldatarequ_req_ix` (`requestedby`),
  KEY `mdl_tooldatarequ_dpo_ix` (`dpo`),
  KEY `mdl_tooldatarequ_use2_ix` (`usermodified`)
) ENGINE=InnoDB AUTO_INCREMENT=80 DEFAULT CHARSET=utf8 COLLATE=utf8_unicode_ci COMMENT='Table for data requests';

--
-- Dumping data for table `mdl_tool_dataprivacy_request`
--

INSERT INTO `mdl_tool_dataprivacy_request` VALUES (1,2,'Automatically created upon user deletion.',2,355,250,2,0,'',2,250,1547752485,1547752485,1),(2,2,'Automatically created upon user deletion.',2,299,250,2,0,'',2,250,1548941568,1548941568,1),(3,2,'Automatically created upon user deletion.',2,310,250,2,0,'',2,250,1548941583,1548941583,1),(4,2,'Automatically created upon user deletion.',2,317,250,2,0,'',2,250,1548941607,1548941607,1),(5,2,'Automatically created upon user deletion.',2,291,250,2,0,'',2,250,1548941664,1548941664,1),(6,2,'Automatically created upon user deletion.',2,351,250,2,0,'',2,250,1548941877,1548941877,1),(7,2,'Automatically created upon user deletion.',2,256,250,2,0,'',2,250,1548941905,1548941905,1),(8,2,'Automatically created upon user deletion.',2,258,250,2,0,'',2,250,1548941918,1548941918,1),(9,2,'Automatically created upon user deletion.',2,4383,250,2,0,'',2,250,1548941946,1548941946,1),(10,2,'Automatically created upon user deletion.',2,249,250,2,0,'',2,250,1548942022,1548942022,1),(11,2,'Automatically created upon user deletion.',2,308,250,2,0,'',2,250,1548942270,1548942270,1),(12,2,'Automatically created upon user deletion.',2,304,250,2,0,'',2,250,1548942279,1548942279,1),(13,2,'Automatically created upon user deletion.',2,201,250,2,0,'',2,250,1548942300,1548942300,1),(14,2,'Automatically created upon user deletion.',2,4566,250,2,0,'',2,250,1548942415,1548942415,1),(15,2,'Automatically created upon user deletion.',2,209,250,2,0,'',2,250,1548942423,1548942423,1),(16,2,'Automatically created upon user deletion.',2,4532,250,2,0,'',2,250,1548942433,1548942433,1),(17,2,'Automatically created upon user deletion.',2,207,250,2,0,'',2,250,1548942456,1548942456,1),(18,2,'Automatically created upon user deletion.',2,4570,250,2,0,'',2,250,1548942465,1548942465,1),(19,2,'Automatically created upon user deletion.',2,4380,250,2,0,'',2,250,1548942483,1548942483,1),(20,2,'Automatically created upon user deletion.',2,312,250,2,0,'',2,250,1548942492,1548942492,1),(21,2,'Automatically created upon user deletion.',2,4568,250,2,0,'',2,250,1548942541,1548942541,1),(22,2,'Automatically created upon user deletion.',2,4535,250,2,0,'',2,250,1548942550,1548942550,1),(23,2,'Automatically created upon user deletion.',2,4569,250,2,0,'',2,250,1548942581,1548942581,1),(24,2,'Automatically created upon user deletion.',2,262,250,2,0,'',2,250,1548942588,1548942588,1),(25,2,'Automatically created upon user deletion.',2,321,250,2,0,'',2,250,1548942606,1548942606,1),(26,2,'Automatically created upon user deletion.',2,359,250,2,0,'',2,250,1548942680,1548942680,1),(27,2,'Automatically created upon user deletion.',2,4387,250,2,0,'',2,250,1548942697,1548942697,1),(28,2,'Automatically created upon user deletion.',2,4398,250,2,0,'',2,250,1548942710,1548942710,1),(29,2,'Automatically created upon user deletion.',2,204,250,2,0,'',2,250,1548942718,1548942718,1),(30,2,'Automatically created upon user deletion.',2,260,250,2,0,'',2,250,1548942729,1548942729,1),(31,2,'Automatically created upon user deletion.',2,289,250,2,0,'',2,250,1548943079,1548943079,1),(32,2,'Automatically created upon user deletion.',2,303,250,2,0,'',2,250,1548943091,1548943091,1),(33,2,'Automatically created upon user deletion.',2,306,250,2,0,'',2,250,1548943101,1548943101,1),(34,2,'Automatically created upon user deletion.',2,4521,250,2,0,'',2,250,1548943128,1548943128,1),(35,2,'Automatically created upon user deletion.',2,216,250,2,0,'',2,250,1548943148,1548943148,1),(36,2,'Automatically created upon user deletion.',2,219,250,2,0,'',2,250,1548943191,1548943191,1),(37,2,'Automatically created upon user deletion.',2,4378,250,2,0,'',2,250,1548943221,1548943221,1),(38,2,'Automatically created upon user deletion.',2,265,250,2,0,'',2,250,1548943307,1548943307,1),(39,2,'Automatically created upon user deletion.',2,245,250,2,0,'',2,250,1548943369,1548943369,1),(40,2,'Automatically created upon user deletion.',2,4390,250,2,0,'',2,250,1548943396,1548943396,1),(41,2,'Automatically created upon user deletion.',2,305,250,2,0,'',2,250,1548943426,1548943426,1),(42,2,'Automatically created upon user deletion.',2,4217,250,2,0,'',2,250,1548943477,1548943477,1),(43,2,'Automatically created upon user deletion.',2,264,250,2,0,'',2,250,1548943520,1548943520,1),(44,2,'Automatically created upon user deletion.',2,4382,250,2,0,'',2,250,1548943544,1548943544,1),(45,2,'Automatically created upon user deletion.',2,290,250,2,0,'',2,250,1548943557,1548943557,1),(46,2,'Automatically created upon user deletion.',2,295,250,2,0,'',2,250,1548943587,1548943587,1),(47,2,'Automatically created upon user deletion.',2,309,250,2,0,'',2,250,1548943597,1548943597,1),(48,2,'Automatically created upon user deletion.',2,318,250,2,0,'',2,250,1548943607,1548943607,1),(49,2,'Automatically created upon user deletion.',2,322,250,2,0,'',2,250,1548943619,1548943619,1),(50,2,'Automatically created upon user deletion.',2,323,250,2,0,'',2,250,1548943633,1548943633,1),(51,2,'Automatically created upon user deletion.',2,324,250,2,0,'',2,250,1548943645,1548943645,1),(52,2,'Automatically created upon user deletion.',2,325,250,2,0,'',2,250,1548943655,1548943655,1),(53,2,'Automatically created upon user deletion.',2,326,250,2,0,'',2,250,1548943665,1548943665,1),(54,2,'Automatically created upon user deletion.',2,327,250,2,0,'',2,250,1548943675,1548943675,1),(55,2,'Automatically created upon user deletion.',2,328,250,2,0,'',2,250,1548943686,1548943686,1),(56,2,'Automatically created upon user deletion.',2,356,250,2,0,'',2,250,1548943695,1548943695,1),(57,2,'Automatically created upon user deletion.',2,357,250,2,0,'',2,250,1548943703,1548943703,1),(58,2,'Automatically created upon user deletion.',2,358,250,2,0,'',2,250,1548943716,1548943716,1),(59,2,'Automatically created upon user deletion.',2,4542,250,2,0,'',2,250,1548943726,1548943726,1),(60,2,'Automatically created upon user deletion.',2,4545,250,2,0,'',2,250,1548943749,1548943749,1),(61,2,'Automatically created upon user deletion.',2,4547,250,2,0,'',2,250,1548943778,1548943778,1),(62,2,'Automatically created upon user deletion.',2,266,250,2,0,'',2,250,1548943800,1548943800,1),(63,2,'Automatically created upon user deletion.',2,311,250,2,0,'',2,250,1548943822,1548943822,1),(64,2,'Automatically created upon user deletion.',2,330,250,2,0,'',2,250,1548943832,1548943832,1),(65,2,'Automatically created upon user deletion.',2,331,250,2,0,'',2,250,1548943844,1548943844,1),(66,2,'Automatically created upon user deletion.',2,4567,250,2,0,'',2,250,1548943877,1548943877,1),(67,2,'Automatically created upon user deletion.',2,4574,250,2,0,'',2,250,1548943888,1548943888,1),(68,2,'Automatically created upon user deletion.',2,270,250,2,0,'',2,250,1549086429,1549086429,1),(69,2,'Automatically created upon user deletion.',2,217,250,2,0,'',2,250,1549086573,1549086573,1),(70,2,'Automatically created upon user deletion.',2,206,250,2,0,'',2,250,1549086626,1549086626,1),(71,2,'Automatically created upon user deletion.',2,8645,250,2,0,'',2,250,1549087322,1549087322,1),(72,2,'Automatically created upon user deletion.',2,8644,250,2,0,'',2,250,1549087481,1549087481,1),(73,2,'Automatically created upon user deletion.',2,5120,250,2,0,'',2,250,1550814994,1550814994,1),(74,2,'Automatically created upon user deletion.',2,4394,250,2,0,'',2,250,1550815052,1550815052,1),(75,2,'Automatically created upon user deletion.',2,205,250,2,0,'',2,250,1550815099,1550815099,1),(76,2,'Automatically created upon user deletion.',2,190,250,2,0,'',2,250,1550815173,1550815173,1),(77,2,'Automatically created upon user deletion.',2,196,250,2,0,'',2,250,1551836065,1551836065,1),(78,2,'Automatically created upon user deletion.',2,9021,250,2,0,'',2,250,1567593166,1567593166,1),(79,2,'Automatically created upon user deletion.',2,4582,250,2,0,'',2,250,1568051990,1568051990,1);

--
-- Table structure for table `mdl_tool_monitor_events`
--

CREATE TABLE `mdl_tool_monitor_events` (
  `id` bigint(10) NOT NULL AUTO_INCREMENT,
  `eventname` varchar(254) COLLATE utf8_unicode_ci NOT NULL DEFAULT '',
  `contextid` bigint(10) NOT NULL,
  `contextlevel` bigint(10) NOT NULL,
  `contextinstanceid` bigint(10) NOT NULL,
  `link` varchar(254) COLLATE utf8_unicode_ci NOT NULL DEFAULT '',
  `courseid` bigint(10) NOT NULL,
  `timecreated` bigint(10) NOT NULL,
  PRIMARY KEY (`id`)
) ENGINE=InnoDB DEFAULT CHARSET=utf8 COLLATE=utf8_unicode_ci COMMENT='A table that keeps a log of events related to subscriptions';

--
-- Dumping data for table `mdl_tool_monitor_events`
--


--
-- Table structure for table `mdl_tool_monitor_history`
--

CREATE TABLE `mdl_tool_monitor_history` (
  `id` bigint(10) NOT NULL AUTO_INCREMENT,
  `sid` bigint(10) NOT NULL,
  `userid` bigint(10) NOT NULL,
  `timesent` bigint(10) NOT NULL,
  PRIMARY KEY (`id`),
  UNIQUE KEY `mdl_toolmonihist_sidusetim_uix` (`sid`,`userid`,`timesent`),
  KEY `mdl_toolmonihist_sid_ix` (`sid`)
) ENGINE=InnoDB DEFAULT CHARSET=utf8 COLLATE=utf8_unicode_ci COMMENT='Table to store history of message notifications sent';

--
-- Dumping data for table `mdl_tool_monitor_history`
--


--
-- Table structure for table `mdl_tool_monitor_rules`
--

CREATE TABLE `mdl_tool_monitor_rules` (
  `id` bigint(10) NOT NULL AUTO_INCREMENT,
  `description` longtext COLLATE utf8_unicode_ci,
  `descriptionformat` tinyint(1) NOT NULL,
  `name` varchar(254) COLLATE utf8_unicode_ci NOT NULL DEFAULT '',
  `userid` bigint(10) NOT NULL,
  `courseid` bigint(10) NOT NULL,
  `plugin` varchar(254) COLLATE utf8_unicode_ci NOT NULL DEFAULT '',
  `eventname` varchar(254) COLLATE utf8_unicode_ci NOT NULL DEFAULT '',
  `template` longtext COLLATE utf8_unicode_ci NOT NULL,
  `templateformat` tinyint(1) NOT NULL,
  `frequency` smallint(4) NOT NULL,
  `timewindow` mediumint(5) NOT NULL,
  `timemodified` bigint(10) NOT NULL,
  `timecreated` bigint(10) NOT NULL,
  PRIMARY KEY (`id`),
  KEY `mdl_toolmonirule_couuse_ix` (`courseid`,`userid`),
  KEY `mdl_toolmonirule_eve_ix` (`eventname`)
) ENGINE=InnoDB DEFAULT CHARSET=utf8 COLLATE=utf8_unicode_ci COMMENT='Table to store rules';

--
-- Dumping data for table `mdl_tool_monitor_rules`
--


--
-- Table structure for table `mdl_tool_monitor_subscriptions`
--

CREATE TABLE `mdl_tool_monitor_subscriptions` (
  `id` bigint(10) NOT NULL AUTO_INCREMENT,
  `courseid` bigint(10) NOT NULL,
  `ruleid` bigint(10) NOT NULL,
  `cmid` bigint(10) NOT NULL,
  `userid` bigint(10) NOT NULL,
  `timecreated` bigint(10) NOT NULL,
  `lastnotificationsent` bigint(10) NOT NULL DEFAULT '0',
  `inactivedate` bigint(10) NOT NULL DEFAULT '0',
  PRIMARY KEY (`id`),
  KEY `mdl_toolmonisubs_couuse_ix` (`courseid`,`userid`),
  KEY `mdl_toolmonisubs_rul_ix` (`ruleid`)
) ENGINE=InnoDB DEFAULT CHARSET=utf8 COLLATE=utf8_unicode_ci COMMENT='Table to store user subscriptions to various rules';

--
-- Dumping data for table `mdl_tool_monitor_subscriptions`
--


--
-- Table structure for table `mdl_tool_policy`
--

CREATE TABLE `mdl_tool_policy` (
  `id` bigint(10) NOT NULL AUTO_INCREMENT,
  `sortorder` mediumint(5) NOT NULL DEFAULT '999',
  `currentversionid` bigint(10) DEFAULT NULL,
  PRIMARY KEY (`id`),
  KEY `mdl_toolpoli_cur_ix` (`currentversionid`)
) ENGINE=InnoDB DEFAULT CHARSET=utf8 COLLATE=utf8_unicode_ci COMMENT='Contains the list of policy documents defined on the site.';

--
-- Dumping data for table `mdl_tool_policy`
--


--
-- Table structure for table `mdl_tool_policy_acceptances`
--

CREATE TABLE `mdl_tool_policy_acceptances` (
  `id` bigint(10) NOT NULL AUTO_INCREMENT,
  `policyversionid` bigint(10) NOT NULL,
  `userid` bigint(10) NOT NULL,
  `status` tinyint(1) DEFAULT NULL,
  `lang` varchar(30) COLLATE utf8_unicode_ci NOT NULL DEFAULT '',
  `usermodified` bigint(10) NOT NULL,
  `timecreated` bigint(10) NOT NULL,
  `timemodified` bigint(10) NOT NULL,
  `note` longtext COLLATE utf8_unicode_ci,
  PRIMARY KEY (`id`),
  UNIQUE KEY `mdl_toolpoliacce_poluse_uix` (`policyversionid`,`userid`),
  KEY `mdl_toolpoliacce_pol_ix` (`policyversionid`),
  KEY `mdl_toolpoliacce_use_ix` (`userid`),
  KEY `mdl_toolpoliacce_use2_ix` (`usermodified`)
) ENGINE=InnoDB DEFAULT CHARSET=utf8 COLLATE=utf8_unicode_ci COMMENT='Tracks users accepting the policy versions';

--
-- Dumping data for table `mdl_tool_policy_acceptances`
--


--
-- Table structure for table `mdl_tool_policy_versions`
--

CREATE TABLE `mdl_tool_policy_versions` (
  `id` bigint(10) NOT NULL AUTO_INCREMENT,
  `name` varchar(1333) COLLATE utf8_unicode_ci NOT NULL DEFAULT '',
  `type` smallint(3) NOT NULL DEFAULT '0',
  `audience` smallint(3) NOT NULL DEFAULT '0',
  `archived` smallint(3) NOT NULL DEFAULT '0',
  `usermodified` bigint(10) NOT NULL,
  `timecreated` bigint(10) NOT NULL,
  `timemodified` bigint(10) NOT NULL,
  `policyid` bigint(10) NOT NULL,
  `agreementstyle` smallint(3) NOT NULL DEFAULT '0',
  `optional` smallint(3) NOT NULL DEFAULT '0',
  `revision` varchar(1333) COLLATE utf8_unicode_ci NOT NULL DEFAULT '',
  `summary` longtext COLLATE utf8_unicode_ci NOT NULL,
  `summaryformat` smallint(3) NOT NULL,
  `content` longtext COLLATE utf8_unicode_ci NOT NULL,
  `contentformat` smallint(3) NOT NULL,
  PRIMARY KEY (`id`),
  KEY `mdl_toolpolivers_use_ix` (`usermodified`),
  KEY `mdl_toolpolivers_pol_ix` (`policyid`)
) ENGINE=InnoDB DEFAULT CHARSET=utf8 COLLATE=utf8_unicode_ci COMMENT='Holds versions of the policy documents';

--
-- Dumping data for table `mdl_tool_policy_versions`
--


--
-- Table structure for table `mdl_tool_recyclebin_category`
--

CREATE TABLE `mdl_tool_recyclebin_category` (
  `id` bigint(10) NOT NULL AUTO_INCREMENT,
  `categoryid` bigint(10) NOT NULL,
  `shortname` varchar(255) COLLATE utf8_unicode_ci NOT NULL DEFAULT '',
  `fullname` varchar(255) COLLATE utf8_unicode_ci NOT NULL DEFAULT '',
  `timecreated` bigint(10) NOT NULL,
  PRIMARY KEY (`id`),
  KEY `mdl_toolrecycate_tim_ix` (`timecreated`),
  KEY `mdl_toolrecycate_cat_ix` (`categoryid`)
) ENGINE=InnoDB AUTO_INCREMENT=98 DEFAULT CHARSET=utf8 COLLATE=utf8_unicode_ci COMMENT='A list of items in the category recycle bin';

--
-- Dumping data for table `mdl_tool_recyclebin_category`
--


--
-- Table structure for table `mdl_tool_recyclebin_course`
--

CREATE TABLE `mdl_tool_recyclebin_course` (
  `id` bigint(10) NOT NULL AUTO_INCREMENT,
  `courseid` bigint(10) NOT NULL,
  `section` bigint(10) NOT NULL,
  `module` bigint(10) NOT NULL,
  `name` varchar(255) COLLATE utf8_unicode_ci DEFAULT NULL,
  `timecreated` bigint(10) NOT NULL DEFAULT '0',
  PRIMARY KEY (`id`),
  KEY `mdl_toolrecycour_tim_ix` (`timecreated`),
  KEY `mdl_toolrecycour_cou_ix` (`courseid`)
) ENGINE=InnoDB AUTO_INCREMENT=445 DEFAULT CHARSET=utf8 COLLATE=utf8_unicode_ci COMMENT='A list of items in the course recycle bin';

--
-- Dumping data for table `mdl_tool_recyclebin_course`
--

INSERT INTO `mdl_tool_recyclebin_course` VALUES (439,3445,28968,16,'Нийгмийн ухаан -8-р анги I хагас жил',1576662790),(440,3445,28968,16,'8',1576667289),(441,391,3319,16,'과목 평가',1576739351),(442,431,3692,5,'좋아하는 취미',1576739467),(443,431,3693,14,'rrrrr',1576739471),(444,2720,23795,9,'Announcements',1576831390);

--
-- Table structure for table `mdl_tool_usertours_steps`
--

CREATE TABLE `mdl_tool_usertours_steps` (
  `id` bigint(10) NOT NULL AUTO_INCREMENT,
  `tourid` bigint(10) NOT NULL,
  `title` longtext COLLATE utf8_unicode_ci,
  `content` longtext COLLATE utf8_unicode_ci,
  `targettype` tinyint(2) NOT NULL,
  `targetvalue` longtext COLLATE utf8_unicode_ci NOT NULL,
  `sortorder` bigint(10) NOT NULL DEFAULT '0',
  `configdata` longtext COLLATE utf8_unicode_ci NOT NULL,
  PRIMARY KEY (`id`),
  KEY `mdl_tooluserstep_tousor_ix` (`tourid`,`sortorder`),
  KEY `mdl_tooluserstep_tou_ix` (`tourid`)
) ENGINE=InnoDB AUTO_INCREMENT=29 DEFAULT CHARSET=utf8 COLLATE=utf8_unicode_ci COMMENT='Steps in an tour';

--
-- Dumping data for table `mdl_tool_usertours_steps`
--

INSERT INTO `mdl_tool_usertours_steps` VALUES (1,1,'tour1_title_welcome,tool_usertours','tour1_content_welcome,tool_usertours',2,'',0,'{}'),(2,1,'tour1_title_navigation,tool_usertours','tour1_content_navigation,tool_usertours',0,'[data-region=\"drawer-toggle\"] button[data-action=\"toggle-drawer\"]',1,'{}'),(3,1,'tour1_title_customisation,tool_usertours','tour1_content_customisation,tool_usertours',0,'body:not(.editing) #page-header .card-block',2,'{\"placement\":\"bottom\"}'),(4,1,'tour1_title_blockregion,tool_usertours','tour1_content_blockregion,tool_usertours',0,'body.editing [data-region=\"blocks-column\"]',3,'{}'),(5,1,'tour1_title_addingblocks,tool_usertours','tour1_content_addingblocks,tool_usertours',0,'body.editing [data-region=\"blocks-column\"]',4,'{\"placement\":\"bottom\"}'),(6,1,'tour1_title_end,tool_usertours','tour1_content_end,tool_usertours',2,'',5,'{}'),(7,2,'tour2_title_welcome,tool_usertours','tour2_content_welcome,tool_usertours',2,'',0,'{}'),(8,2,'tour2_title_customisation,tool_usertours','tour2_content_customisation,tool_usertours',0,'body:not(.editing) #page-header .card-block',1,'{}'),(9,2,'tour2_title_navigation,tool_usertours','tour2_content_navigation,tool_usertours',0,'[data-region=\"drawer-toggle\"] button[data-action=\"toggle-drawer\"]',2,'{}'),(10,2,'tour2_title_opendrawer,tool_usertours','tour2_content_opendrawer,tool_usertours',0,'body:not(.drawer-open-left) [data-region=\"drawer-toggle\"] button[data-action=\"toggle-drawer\"]',3,'{}'),(11,2,'tour2_title_participants,tool_usertours','tour2_content_participants,tool_usertours',0,'body.drawer-open-left [data-region=\"drawer\"] [data-key=\"participants\"]',4,'{\"placement\":\"bottom\",\"backdrop\":\"0\"}'),(12,2,'tour2_title_addblock,tool_usertours','tour2_content_addblock,tool_usertours',0,'body.drawer-open-left:not(.editing) [data-region=\"drawer\"]',5,'{\"placement\":\"right\",\"orphan\":\"0\",\"backdrop\":\"0\",\"reflex\":\"0\"}'),(13,2,'tour2_title_addingblocks,tool_usertours','tour2_content_addingblocks,tool_usertours',0,'body.drawer-open-left.editing [data-region=\"drawer\"] [data-key=\"addblock\"]',6,'{\"backdrop\":\"0\",\"placement\":\"top\"}'),(14,2,'tour2_title_end,tool_usertours','tour2_content_end,tool_usertours',2,'',7,'{}'),(15,3,'tour4_title_messaging,tool_usertours','tour4_content_messaging,tool_usertours',2,'',0,'{\"backdrop\":\"1\"}'),(16,3,'tour4_title_icon,tool_usertours','tour4_content_icon,tool_usertours',0,'[id^=message-drawer-toggle]',1,'{\"backdrop\":\"0\",\"reflex\":\"1\"}'),(17,3,'tour4_title_groupconvo,tool_usertours','tour4_content_groupconvo,tool_usertours',0,'.message-drawer:not(.hidden) [data-region=\"view-overview-group-messages\"]',2,'{\"placement\":\"left\"}'),(18,3,'tour4_title_starred,tool_usertours','tour4_content_starred,tool_usertours',0,'.message-drawer:not(.hidden) [data-region=\"view-overview-favourites\"]',3,'{\"placement\":\"left\"}'),(19,3,'tour4_title_settings,tool_usertours','tour4_content_settings,tool_usertours',0,'.message-drawer:not(.hidden) [data-route=\"view-settings\"]',4,'{\"reflex\":\"1\"}'),(20,3,'tour_final_step_title,tool_usertours','tour_final_step_content,tool_usertours',2,'',5,'{}'),(21,4,'tour3_title_dashboard,tool_usertours','tour3_content_dashboard,tool_usertours',2,'',0,'{\"backdrop\":\"1\"}'),(22,4,'tour3_title_dashboard,tool_usertours','tour3_content_timeline,tool_usertours',1,'timeline',1,'{\"reflex\":\"0\"}'),(23,4,'tour3_title_recentcourses,tool_usertours','tour3_content_recentcourses,tool_usertours',1,'recentlyaccessedcourses',2,'{\"placement\":\"top\",\"backdrop\":\"1\"}'),(24,4,'tour3_title_overview,tool_usertours','tour3_content_overview,tool_usertours',1,'myoverview',3,'{}'),(25,4,'tour3_title_starring,tool_usertours','tour3_content_starring,tool_usertours',0,'.block-myoverview [data-display=\"cards\"] [data-region=\"course-content\"] .coursemenubtn',4,'{\"placement\":\"right\"}'),(26,4,'tour3_title_starring,tool_usertours','tour3_content_starring,tool_usertours',0,'.block-myoverview [data-display]:not([data-display=\"cards\"]) [data-region=\"course-content\"] .coursemenubtn',5,'{}'),(27,4,'tour3_title_displayoptions,tool_usertours','tour3_content_displayoptions,tool_usertours',0,'#sortingdropdown',6,'{\"placement\":\"top\"}'),(28,4,'tour_final_step_title,tool_usertours','tour_final_step_content,tool_usertours',2,'',7,'{}');

--
-- Table structure for table `mdl_tool_usertours_tours`
--

CREATE TABLE `mdl_tool_usertours_tours` (
  `id` bigint(10) NOT NULL AUTO_INCREMENT,
  `name` varchar(255) COLLATE utf8_unicode_ci NOT NULL DEFAULT '',
  `description` longtext COLLATE utf8_unicode_ci,
  `pathmatch` varchar(255) COLLATE utf8_unicode_ci DEFAULT NULL,
  `enabled` tinyint(1) NOT NULL DEFAULT '0',
  `sortorder` bigint(10) NOT NULL DEFAULT '0',
  `configdata` longtext COLLATE utf8_unicode_ci NOT NULL,
  PRIMARY KEY (`id`)
) ENGINE=InnoDB AUTO_INCREMENT=5 DEFAULT CHARSET=utf8 COLLATE=utf8_unicode_ci COMMENT='List of tours';

--
-- Dumping data for table `mdl_tool_usertours_tours`
--

INSERT INTO `mdl_tool_usertours_tours` VALUES (1,'Boost - administrator','A tour of some new features in the Boost theme, for administrators','FRONTPAGE',0,2,'{\"placement\":\"bottom\",\"orphan\":\"0\",\"backdrop\":\"1\",\"reflex\":\"0\",\"filtervalues\":{\"role\":[\"-1\"],\"theme\":[\"boost\"]},\"majorupdatetime\":1479366244,\"default_tour\":true,\"filename\":\"boost_administrator.json\",\"version\":1,\"shipped_tour\":true,\"shipped_filename\":\"boost_administrator.json\",\"shipped_version\":1}'),(2,'Boost - course view','A tour for introducing administrators and teachers to courses in the Boost theme','/course/view.php%',0,3,'{\"placement\":\"bottom\",\"orphan\":\"0\",\"backdrop\":\"1\",\"reflex\":\"0\",\"filtervalues\":{\"role\":[\"-1\",\"editingteacher\"],\"theme\":[\"boost\"]},\"majorupdatetime\":1480050104,\"shipped_tour\":true,\"shipped_filename\":\"boost_course_view.json\",\"shipped_version\":1}'),(3,'New Messaging System','New messaging interface in Moodle 3.6','/course/view.php%',0,1,'{\"placement\":\"bottom\",\"orphan\":\"0\",\"backdrop\":\"0\",\"reflex\":\"0\",\"filtervalues\":{\"category\":[],\"course\":[\"0\"],\"courseformat\":[],\"role\":[],\"theme\":[]},\"majorupdatetime\":1543468823,\"shipped_tour\":true,\"shipped_filename\":\"36_messaging.json\",\"shipped_version\":3}'),(4,'Dashboard','New dashboard features','/my/%',0,0,'{\"placement\":\"top\",\"orphan\":\"0\",\"backdrop\":\"0\",\"reflex\":\"0\",\"filtervalues\":{\"category\":[],\"course\":[\"0\"],\"courseformat\":[],\"role\":[],\"theme\":[]},\"majorupdatetime\":1543396938,\"shipped_tour\":true,\"shipped_filename\":\"36_dashboard.json\",\"shipped_version\":3}');


